CRAN Package Check Results for Package ARpLMEC

Last updated on 2019-09-15 10:47:59 CEST.

Flavor Version Tinstall Tcheck Ttotal Status Flags
r-devel-linux-x86_64-debian-clang 1.0 10.03 63.47 73.50 OK
r-devel-linux-x86_64-debian-gcc 1.0 7.33 51.55 58.88 OK
r-devel-linux-x86_64-fedora-clang 1.0 94.31 NOTE
r-devel-linux-x86_64-fedora-gcc 1.0 99.55 NOTE
r-devel-windows-ix86+x86_64 1.0 26.00 99.00 125.00 OK
r-patched-linux-x86_64 1.0 11.01 63.91 74.92 OK
r-patched-solaris-x86 1.0 146.80 NOTE
r-release-linux-x86_64 1.0 10.53 63.97 74.50 OK
r-release-windows-ix86+x86_64 1.0 16.00 68.00 84.00 OK
r-release-osx-x86_64 1.0 NOTE
r-oldrel-windows-ix86+x86_64 1.0 13.00 69.00 82.00 OK
r-oldrel-osx-x86_64 1.0 NOTE

Check Details

Version: 1.0
Check: dependencies in R code
Result: NOTE
    Namespaces in Imports field not imported from:
     ‘Matrix’ ‘gmm’ ‘graphics’ ‘sandwich’ ‘stats4’ ‘utils’
     All declared Imports should be used.
Flavors: r-devel-linux-x86_64-fedora-clang, r-devel-linux-x86_64-fedora-gcc, r-patched-solaris-x86, r-release-osx-x86_64, r-oldrel-osx-x86_64