CRAN Package Check Results for Package ARpLMEC

Last updated on 2020-01-21 13:49:06 CET.

Flavor Version Tinstall Tcheck Ttotal Status Flags
r-devel-linux-x86_64-debian-clang 1.0 12.53 70.50 83.03 OK
r-devel-linux-x86_64-debian-gcc 1.0 7.94 54.68 62.62 OK
r-devel-linux-x86_64-fedora-clang 1.0 102.10 NOTE
r-devel-linux-x86_64-fedora-gcc 1.0 98.69 NOTE
r-devel-windows-ix86+x86_64 1.0 25.00 100.00 125.00 OK
r-devel-windows-ix86+x86_64-gcc8 1.0 28.00 100.00 128.00 OK
r-patched-linux-x86_64 1.0 10.75 64.22 74.97 OK
r-patched-solaris-x86 1.0 147.00 NOTE
r-release-linux-x86_64 1.0 10.39 64.88 75.27 OK
r-release-windows-ix86+x86_64 1.0 13.00 90.00 103.00 OK
r-release-osx-x86_64 1.0 NOTE
r-oldrel-windows-ix86+x86_64 1.0 8.00 78.00 86.00 OK
r-oldrel-osx-x86_64 1.0 NOTE

Check Details

Version: 1.0
Check: dependencies in R code
Result: NOTE
    Namespaces in Imports field not imported from:
     ‘Matrix’ ‘gmm’ ‘graphics’ ‘sandwich’ ‘stats4’ ‘utils’
     All declared Imports should be used.
Flavors: r-devel-linux-x86_64-fedora-clang, r-devel-linux-x86_64-fedora-gcc, r-patched-solaris-x86, r-release-osx-x86_64, r-oldrel-osx-x86_64