CRAN Package Check Results for Package ASSOCShiny

Last updated on 2019-11-22 07:55:16 CET.

Flavor Version Tinstall Tcheck Ttotal Status Flags
r-devel-linux-x86_64-debian-clang 0.1.0 OK
r-devel-linux-x86_64-debian-gcc 0.1.0 1.76 13.73 15.49 OK
r-devel-linux-x86_64-fedora-clang 0.1.0 23.10 NOTE
r-devel-linux-x86_64-fedora-gcc 0.1.0 24.20 NOTE
r-devel-windows-ix86+x86_64 0.1.0 15.00 46.00 61.00 OK
r-devel-windows-ix86+x86_64-gcc8 0.1.0 10.00 30.00 40.00 OK
r-patched-linux-x86_64 0.1.0 1.62 16.19 17.81 OK
r-patched-solaris-x86 0.1.0 35.60 NOTE
r-release-linux-x86_64 0.1.0 1.61 16.39 18.00 OK
r-release-windows-ix86+x86_64 0.1.0 8.00 45.00 53.00 OK
r-release-osx-x86_64 0.1.0 NOTE
r-oldrel-windows-ix86+x86_64 0.1.0 3.00 27.00 30.00 OK
r-oldrel-osx-x86_64 0.1.0 NOTE

Check Details

Version: 0.1.0
Check: dependencies in R code
Result: NOTE
    Namespaces in Imports field not imported from:
     ‘arules’ ‘arulesViz’ ‘dplyr’ ‘methods’ ‘plotly’ ‘shiny’ ‘shinyMatrix’
     All declared Imports should be used.
Flavors: r-devel-linux-x86_64-fedora-clang, r-devel-linux-x86_64-fedora-gcc, r-patched-solaris-x86, r-release-osx-x86_64, r-oldrel-osx-x86_64