CRAN Package Check Results for Package ActFrag

Last updated on 2021-01-22 07:49:31 CET.

Flavor Version Tinstall Tcheck Ttotal Status Flags
r-devel-linux-x86_64-debian-clang 0.1.1 11.73 105.28 117.01 OK
r-devel-linux-x86_64-debian-gcc 0.1.1 9.60 78.14 87.74 OK
r-devel-linux-x86_64-fedora-clang 0.1.1 149.44 NOTE
r-devel-linux-x86_64-fedora-gcc 0.1.1 147.21 NOTE
r-devel-windows-ix86+x86_64 0.1.1 26.00 125.00 151.00 OK
r-patched-linux-x86_64 0.1.1 7.66 94.97 102.63 OK
r-patched-solaris-x86 0.1.1 192.20 NOTE
r-release-linux-x86_64 0.1.1 7.51 95.43 102.94 OK
r-release-macos-x86_64 0.1.1 NOTE
r-release-windows-ix86+x86_64 0.1.1 29.00 129.00 158.00 OK
r-oldrel-macos-x86_64 0.1.1 NOTE
r-oldrel-windows-ix86+x86_64 0.1.1 15.00 90.00 105.00 OK

Check Details

Version: 0.1.1
Check: dependencies in R code
Result: NOTE
    Namespace in Imports field not imported from: ‘tidyr’
     All declared Imports should be used.
Flavors: r-devel-linux-x86_64-fedora-clang, r-devel-linux-x86_64-fedora-gcc, r-patched-solaris-x86, r-release-macos-x86_64, r-oldrel-macos-x86_64