Last updated on 2021-02-24 07:50:45 CET.
Flavor | Version | Tinstall | Tcheck | Ttotal | Status | Flags |
---|---|---|---|---|---|---|
r-devel-linux-x86_64-debian-clang | 0.1.6 | 15.12 | 134.21 | 149.33 | OK | |
r-devel-linux-x86_64-debian-gcc | 0.1.6 | 13.19 | 100.37 | 113.56 | OK | |
r-devel-linux-x86_64-fedora-clang | 0.1.6 | 206.17 | OK | |||
r-devel-linux-x86_64-fedora-gcc | 0.1.6 | 183.91 | OK | |||
r-devel-windows-ix86+x86_64 | 0.1.6 | 24.00 | 127.00 | 151.00 | OK | |
r-patched-linux-x86_64 | 0.1.6 | 10.99 | 127.33 | 138.32 | OK | |
r-patched-solaris-x86 | 0.1.6 | 251.20 | OK | |||
r-release-linux-x86_64 | 0.1.6 | 11.50 | 124.99 | 136.49 | OK | |
r-release-macos-x86_64 | 0.1.6 | ERROR | ||||
r-release-windows-ix86+x86_64 | 0.1.6 | 39.00 | 161.00 | 200.00 | OK | |
r-oldrel-macos-x86_64 | 0.1.6 | ERROR | ||||
r-oldrel-windows-ix86+x86_64 | 0.1.6 | 23.00 | 151.00 | 174.00 | OK |
Version: 0.1.6
Check: package dependencies
Result: ERROR
Packages required but not available:
'fgsea', 'ConsensusClusterPlus', 'clusterProfiler'
See section ‘The DESCRIPTION file’ in the ‘Writing R Extensions’
manual.
Flavor: r-release-macos-x86_64
Version: 0.1.6
Check: package dependencies
Result: ERROR
Packages required but not available:
'org.Hs.eg.db', 'ConsensusClusterPlus', 'clusterProfiler'
See section ‘The DESCRIPTION file’ in the ‘Writing R Extensions’
manual.
Flavor: r-oldrel-macos-x86_64