Last updated on 2021-01-25 08:48:36 CET.
Flavor | Version | Tinstall | Tcheck | Ttotal | Status | Flags |
---|---|---|---|---|---|---|
r-devel-linux-x86_64-debian-clang | 2.3-1.1 | 9.99 | 90.50 | 100.49 | NOTE | |
r-devel-linux-x86_64-debian-gcc | 2.3-1.1 | 7.98 | 65.64 | 73.62 | NOTE | |
r-devel-linux-x86_64-fedora-clang | 2.3-1.1 | 125.36 | OK | |||
r-devel-linux-x86_64-fedora-gcc | 2.3-1.1 | 126.09 | OK | |||
r-devel-windows-ix86+x86_64 | 2.3-1.1 | 16.00 | 115.00 | 131.00 | OK | |
r-patched-linux-x86_64 | 2.3-1.1 | 9.65 | 82.58 | 92.23 | NOTE | |
r-patched-solaris-x86 | 2.3-1.1 | 150.20 | NOTE | |||
r-release-linux-x86_64 | 2.3-1.1 | 8.97 | 83.35 | 92.32 | NOTE | |
r-release-macos-x86_64 | 2.3-1.1 | NOTE | ||||
r-release-windows-ix86+x86_64 | 2.3-1.1 | 16.00 | 75.00 | 91.00 | OK | |
r-oldrel-macos-x86_64 | 2.3-1.1 | NOTE | ||||
r-oldrel-windows-ix86+x86_64 | 2.3-1.1 | 12.00 | 88.00 | 100.00 | OK |
Version: 2.3-1.1
Check: package dependencies
Result: NOTE
Package suggested but not available for checking: 'INLA'
Flavors: r-devel-linux-x86_64-debian-clang, r-devel-linux-x86_64-debian-gcc, r-patched-linux-x86_64, r-patched-solaris-x86, r-release-linux-x86_64, r-release-macos-x86_64, r-oldrel-macos-x86_64