CRAN Package Check Results for Package BENMMI

Last updated on 2021-01-27 06:48:17 CET.

Flavor Version Tinstall Tcheck Ttotal Status Flags
r-devel-linux-x86_64-debian-clang 4.3-7 6.66 78.29 84.95 OK
r-devel-linux-x86_64-debian-gcc 4.3-7 5.22 60.99 66.21 OK
r-devel-linux-x86_64-fedora-clang 4.3-7 113.36 OK
r-devel-linux-x86_64-fedora-gcc 4.3-7 109.00 OK
r-devel-windows-ix86+x86_64 4.3-7 16.00 118.00 134.00 OK
r-patched-linux-x86_64 4.3-7 7.11 75.14 82.25 OK
r-patched-solaris-x86 4.3-7 134.40 OK
r-release-linux-x86_64 4.3-7 7.03 74.87 81.90 OK
r-release-macos-x86_64 4.3-7 OK
r-release-windows-ix86+x86_64 4.3-7 17.00 83.00 100.00 OK
r-oldrel-macos-x86_64 4.3-7 WARN
r-oldrel-windows-ix86+x86_64 4.3-7 12.00 89.00 101.00 OK

Check Details

Version: 4.3-7
Check: dependencies in R code
Result: NOTE
    No protocol specified
    No protocol specified
Flavor: r-oldrel-macos-x86_64

Version: 4.3-7
Check: S3 generic/method consistency
Result: WARN
    No protocol specified
    No protocol specified
    See section ‘Generic functions and methods’ in the ‘Writing R
    Extensions’ manual.
Flavor: r-oldrel-macos-x86_64

Version: 4.3-7
Check: replacement functions
Result: WARN
    No protocol specified
    No protocol specified
    The argument of a replacement function which corresponds to the right
    hand side must be named ‘value’.
Flavor: r-oldrel-macos-x86_64

Version: 4.3-7
Check: foreign function calls
Result: NOTE
    No protocol specified
    No protocol specified
    See chapter ‘System and foreign language interfaces’ in the ‘Writing R
    Extensions’ manual.
Flavor: r-oldrel-macos-x86_64

Version: 4.3-7
Check: R code for possible problems
Result: NOTE
    No protocol specified
    No protocol specified
Flavor: r-oldrel-macos-x86_64

Version: 4.3-7
Check: for missing documentation entries
Result: WARN
    No protocol specified
    No protocol specified
    All user-level objects in a package should have documentation entries.
    See chapter ‘Writing R documentation files’ in the ‘Writing R
    Extensions’ manual.
Flavor: r-oldrel-macos-x86_64

Version: 4.3-7
Check: for code/documentation mismatches
Result: WARN
    No protocol specified
    No protocol specified
    No protocol specified
    No protocol specified
    No protocol specified
    No protocol specified
Flavor: r-oldrel-macos-x86_64

Version: 4.3-7
Check: Rd \usage sections
Result: NOTE
    No protocol specified
    No protocol specified
    The \usage entries for S3 methods should use the \method markup and not
    their full name.
    See chapter ‘Writing R documentation files’ in the ‘Writing R
    Extensions’ manual.
Flavor: r-oldrel-macos-x86_64