CRAN Package Check Results for Package BIGL

Last updated on 2019-12-07 13:47:10 CET.

Flavor Version Tinstall Tcheck Ttotal Status Flags
r-devel-linux-x86_64-debian-clang 1.4.1 7.70 401.00 408.70 OK
r-devel-linux-x86_64-debian-gcc 1.4.1 6.62 268.67 275.29 OK
r-devel-linux-x86_64-fedora-clang 1.4.1 462.42 OK
r-devel-linux-x86_64-fedora-gcc 1.4.1 428.40 OK
r-devel-windows-ix86+x86_64 1.4.1 18.00 367.00 385.00 OK
r-devel-windows-ix86+x86_64-gcc8 1.4.1 20.00 355.00 375.00 OK
r-patched-linux-x86_64 1.4.1 7.60 359.46 367.06 OK
r-patched-solaris-x86 1.4.1 369.40 WARN
r-release-linux-x86_64 1.4.1 7.15 357.70 364.85 OK
r-release-windows-ix86+x86_64 1.4.1 16.00 321.00 337.00 OK
r-release-osx-x86_64 1.4.1 WARN
r-oldrel-windows-ix86+x86_64 1.4.1 11.00 372.00 383.00 OK
r-oldrel-osx-x86_64 1.4.1 WARN

Check Details

Version: 1.4.1
Check: re-building of vignette outputs
Result: WARN
    Error(s) in re-building vignettes:
     ...
    --- re-building ‘analysis.Rmd’ using rmarkdown
    Warning in engine$weave(file, quiet = quiet, encoding = enc) :
     Pandoc (>= 1.12.3) and/or pandoc-citeproc not available. Falling back to R Markdown v1.
    Warning: Transformation introduced infinite values in continuous x-axis
    Warning: Transformation introduced infinite values in continuous y-axis
    Warning: Transformation introduced infinite values in continuous x-axis
    Warning: Transformation introduced infinite values in continuous y-axis
    Warning: Removed 199 rows containing non-finite values (stat_contour).
    Warning in normalizePath(f2) :
     path[1]="webshot333b24a92a1f.png": No such file or directory
    Warning in file(con, "rb") :
     cannot open file 'webshot333b24a92a1f.png': No such file or directory
    Quitting from lines 245-248 (analysis.Rmd)
    Error: processing vignette 'analysis.Rmd' failed with diagnostics:
    cannot open the connection
    --- failed re-building ‘analysis.Rmd’
    
    --- re-building ‘methodology.Rmd’ using rmarkdown
    Warning in engine$weave(file, quiet = quiet, encoding = enc) :
     Pandoc (>= 1.12.3) and/or pandoc-citeproc not available. Falling back to R Markdown v1.
    --- finished re-building ‘methodology.Rmd’
    
    SUMMARY: processing the following file failed:
     ‘analysis.Rmd’
    
    Error: Vignette re-building failed.
    Execution halted
Flavor: r-patched-solaris-x86

Version: 1.4.1
Check: re-building of vignette outputs
Result: WARN
    Error(s) in re-building vignettes:
    --- re-building ‘analysis.Rmd’ using rmarkdown
    Warning in engine$weave(file, quiet = quiet, encoding = enc) :
     Pandoc (>= 1.12.3) and/or pandoc-citeproc not available. Falling back to R Markdown v1.
    Warning: Transformation introduced infinite values in continuous x-axis
    Warning: Transformation introduced infinite values in continuous y-axis
    Warning: Transformation introduced infinite values in continuous x-axis
    Warning: Transformation introduced infinite values in continuous y-axis
    Warning: Removed 199 rows containing non-finite values (stat_contour).
    Warning in normalizePath(f2) :
     path[1]="webshotec59687b63.png": No such file or directory
    Warning in file(con, "rb") :
     cannot open file 'webshotec59687b63.png': No such file or directory
    Quitting from lines 245-248 (analysis.Rmd)
    Error: processing vignette 'analysis.Rmd' failed with diagnostics:
    cannot open the connection
    --- failed re-building ‘analysis.Rmd’
    
    --- re-building ‘methodology.Rmd’ using rmarkdown
    Warning in engine$weave(file, quiet = quiet, encoding = enc) :
     Pandoc (>= 1.12.3) and/or pandoc-citeproc not available. Falling back to R Markdown v1.
    --- finished re-building ‘methodology.Rmd’
    
    SUMMARY: processing the following file failed:
     ‘analysis.Rmd’
    
    Error: Vignette re-building failed.
    Execution halted
Flavor: r-release-osx-x86_64

Version: 1.4.1
Check: re-building of vignette outputs
Result: WARN
    Error in re-building vignettes:
     ...
    Warning in engine$weave(file, quiet = quiet, encoding = enc) :
     Pandoc (>= 1.12.3) and/or pandoc-citeproc not available. Falling back to R Markdown v1.
    Warning: Transformation introduced infinite values in continuous x-axis
    Warning: Transformation introduced infinite values in continuous y-axis
    Warning: Transformation introduced infinite values in continuous x-axis
    Warning: Transformation introduced infinite values in continuous y-axis
    Warning: Removed 199 rows containing non-finite values (stat_contour).
    Warning in normalizePath(f2) :
     path[1]="webshot180ed539555d8.png": No such file or directory
    Warning in file(con, "rb") :
     cannot open file 'webshot180ed539555d8.png': No such file or directory
    Quitting from lines 245-248 (analysis.Rmd)
    Error: processing vignette 'analysis.Rmd' failed with diagnostics:
    cannot open the connection
    Execution halted
Flavor: r-oldrel-osx-x86_64