CRAN Package Check Results for Package BIS

Last updated on 2021-01-15 07:50:38 CET.

Flavor Version Tinstall Tcheck Ttotal Status Flags
r-devel-linux-x86_64-debian-clang 0.2.1 1.82 30.61 32.43 NOTE
r-devel-linux-x86_64-debian-gcc 0.2.1 1.51 23.14 24.65 NOTE
r-devel-linux-x86_64-fedora-clang 0.2.1 49.19 OK
r-devel-linux-x86_64-fedora-gcc 0.2.1 38.97 OK
r-devel-windows-ix86+x86_64 0.2.1 6.00 50.00 56.00 NOTE
r-patched-linux-x86_64 0.2.1 1.83 28.84 30.67 NOTE
r-patched-solaris-x86 0.2.1 56.50 OK
r-release-linux-x86_64 0.2.1 1.73 28.84 30.57 NOTE
r-release-macos-x86_64 0.2.1 OK
r-release-windows-ix86+x86_64 0.2.1 5.00 40.00 45.00 NOTE
r-oldrel-macos-x86_64 0.2.1 OK
r-oldrel-windows-ix86+x86_64 0.2.1 3.00 32.00 35.00 OK

Check Details

Version: 0.2.1
Check: package vignettes
Result: NOTE
    Package vignette with placeholder title 'Vignette Title':
     'BIS.Rmd'
Flavors: r-devel-linux-x86_64-debian-clang, r-devel-linux-x86_64-debian-gcc, r-devel-windows-ix86+x86_64, r-patched-linux-x86_64, r-release-linux-x86_64, r-release-windows-ix86+x86_64