CRAN Package Check Results for Package BMRV

Last updated on 2019-10-22 13:46:15 CEST.

Flavor Version Tinstall Tcheck Ttotal Status Flags
r-devel-linux-x86_64-debian-clang 1.32 22.55 31.47 54.02 OK
r-devel-linux-x86_64-debian-gcc 1.32 21.73 25.43 47.16 OK
r-devel-linux-x86_64-fedora-clang 1.32 74.08 NOTE
r-devel-linux-x86_64-fedora-gcc 1.32 73.62 NOTE
r-devel-windows-ix86+x86_64 1.32 68.00 78.00 146.00 OK
r-patched-linux-x86_64 1.32 22.50 31.70 54.20 OK
r-patched-solaris-x86 1.32 156.40 OK
r-release-linux-x86_64 1.32 24.52 30.96 55.48 OK
r-release-windows-ix86+x86_64 1.32 45.00 103.00 148.00 OK
r-release-osx-x86_64 1.32 OK
r-oldrel-windows-ix86+x86_64 1.32 72.00 100.00 172.00 OK
r-oldrel-osx-x86_64 1.32 OK

Check Details

Version: 1.32
Check: compiled code
Result: NOTE
    File ‘BMRV/libs/BMRV.so’:
     Found no calls to: ‘R_registerRoutines’, ‘R_useDynamicSymbols’
    
    It is good practice to register native routines and to disable symbol
    search.
    
    See ‘Writing portable packages’ in the ‘Writing R Extensions’ manual.
Flavors: r-devel-linux-x86_64-fedora-clang, r-devel-linux-x86_64-fedora-gcc