CRAN Package Check Results for Package BaTFLED3D

Last updated on 2021-01-22 07:49:32 CET.

Flavor Version Tinstall Tcheck Ttotal Status Flags
r-devel-linux-x86_64-debian-clang 0.2.11 10.61 130.31 140.92 OK
r-devel-linux-x86_64-debian-gcc 0.2.11 10.18 92.34 102.52 OK
r-devel-linux-x86_64-fedora-clang 0.2.11 168.86 OK
r-devel-linux-x86_64-fedora-gcc 0.2.11 179.93 OK
r-devel-windows-ix86+x86_64 0.2.11 20.00 155.00 175.00 NOTE
r-patched-linux-x86_64 0.2.11 13.49 119.89 133.38 OK
r-patched-solaris-x86 0.2.11 192.20 OK
r-release-linux-x86_64 0.2.11 13.71 118.70 132.41 OK
r-release-macos-x86_64 0.2.11 OK
r-release-windows-ix86+x86_64 0.2.11 15.00 154.00 169.00 NOTE
r-oldrel-macos-x86_64 0.2.11 OK
r-oldrel-windows-ix86+x86_64 0.2.11 11.00 103.00 114.00 NOTE

Check Details

Version: 0.2.11
Check: package dependencies
Result: NOTE
    Package suggested but not available for checking: 'doMC'
Flavors: r-devel-windows-ix86+x86_64, r-release-windows-ix86+x86_64, r-oldrel-windows-ix86+x86_64