Last updated on 2021-01-22 07:49:32 CET.
Flavor | Version | Tinstall | Tcheck | Ttotal | Status | Flags |
---|---|---|---|---|---|---|
r-devel-linux-x86_64-debian-clang | 0.5.0 | 14.03 | 173.05 | 187.08 | OK | |
r-devel-linux-x86_64-debian-gcc | 0.5.0 | 12.70 | 124.61 | 137.31 | OK | |
r-devel-linux-x86_64-fedora-clang | 0.5.0 | 236.37 | NOTE | |||
r-devel-linux-x86_64-fedora-gcc | 0.5.0 | 229.16 | NOTE | |||
r-devel-windows-ix86+x86_64 | 0.5.0 | 34.00 | 205.00 | 239.00 | OK | |
r-patched-linux-x86_64 | 0.5.0 | 15.11 | 157.53 | 172.64 | OK | |
r-patched-solaris-x86 | 0.5.0 | 294.70 | NOTE | |||
r-release-linux-x86_64 | 0.5.0 | 14.41 | 159.19 | 173.60 | OK | |
r-release-macos-x86_64 | 0.5.0 | NOTE | ||||
r-release-windows-ix86+x86_64 | 0.5.0 | 34.00 | 207.00 | 241.00 | OK | |
r-oldrel-macos-x86_64 | 0.5.0 | NOTE | ||||
r-oldrel-windows-ix86+x86_64 | 0.5.0 | 20.00 | 142.00 | 162.00 | OK |
Version: 0.5.0
Check: package dependencies
Result: NOTE
Imports includes 25 non-default packages.
Importing from so many packages makes the package vulnerable to any of
them becoming unavailable. Move as many as possible to Suggests and
use conditionally.
Flavor: r-devel-linux-x86_64-fedora-clang
Version: 0.5.0
Check: dependencies in R code
Result: NOTE
Namespaces in Imports field not imported from:
‘circlize’ ‘hexbin’ ‘scales’ ‘sna’
All declared Imports should be used.
Flavors: r-devel-linux-x86_64-fedora-clang, r-devel-linux-x86_64-fedora-gcc, r-patched-solaris-x86, r-release-macos-x86_64, r-oldrel-macos-x86_64