CRAN Package Check Results for Package BayesCTDesign

Last updated on 2019-04-24 13:54:24 CEST.

Flavor Version Tinstall Tcheck Ttotal Status Flags
r-devel-linux-x86_64-debian-clang 0.5.0 13.93 73.15 87.08 OK
r-devel-linux-x86_64-debian-gcc 0.5.0 10.65 55.32 65.97 OK
r-devel-linux-x86_64-fedora-clang 0.5.0 99.78 OK
r-devel-linux-x86_64-fedora-gcc 0.5.0 122.47 OK
r-devel-windows-ix86+x86_64 0.5.0 20.00 104.00 124.00 OK
r-patched-linux-x86_64 0.5.0 13.77 72.63 86.40 OK
r-patched-solaris-x86 0.5.0 126.20 OK
r-release-linux-x86_64 0.5.0 9.96 73.06 83.02 OK
r-release-windows-ix86+x86_64 0.5.0 13.00 103.00 116.00 OK
r-release-osx-x86_64 0.5.0 OK
r-oldrel-osx-x86_64 0.5.0 ERROR

Check Details

Version: 0.5.0
Check: package dependencies
Result: ERROR
    Package required and available but unsuitable version: ‘stats’
    
    See section ‘The DESCRIPTION file’ in the ‘Writing R Extensions’
    manual.
Flavor: r-oldrel-osx-x86_64