CRAN Package Check Results for Package BayesCTDesign

Last updated on 2019-02-19 08:48:46 CET.

Flavor Version Tinstall Tcheck Ttotal Status Flags
r-devel-linux-x86_64-debian-clang 0.5.0 11.41 75.23 86.64 OK
r-devel-linux-x86_64-debian-gcc 0.5.0 10.15 55.82 65.97 OK
r-devel-linux-x86_64-fedora-clang 0.5.0 102.39 OK
r-devel-linux-x86_64-fedora-gcc 0.5.0 96.01 OK
r-devel-windows-ix86+x86_64 0.5.0 19.00 96.00 115.00 OK
r-patched-linux-x86_64 0.5.0 10.52 72.37 82.89 OK
r-patched-solaris-x86 0.5.0 128.70 OK
r-release-linux-x86_64 0.5.0 11.23 72.52 83.75 OK
r-release-windows-ix86+x86_64 0.5.0 15.00 105.00 120.00 OK
r-release-osx-x86_64 0.5.0 OK
r-oldrel-osx-x86_64 0.5.0 ERROR

Check Details

Version: 0.5.0
Check: package dependencies
Result: ERROR
    Package required and available but unsuitable version: ‘stats’
    
    See section ‘The DESCRIPTION file’ in the ‘Writing R Extensions’
    manual.
Flavor: r-oldrel-osx-x86_64