CRAN Package Check Results for Package BiodiversityR

Last updated on 2020-07-12 13:46:50 CEST.

Flavor Version Tinstall Tcheck Ttotal Status Flags
r-devel-linux-x86_64-debian-clang 2.11-3 62.95 260.74 323.69 OK
r-devel-linux-x86_64-debian-gcc 2.11-3 49.78 195.93 245.71 OK
r-devel-linux-x86_64-fedora-clang 2.11-3 411.84 OK
r-devel-linux-x86_64-fedora-gcc 2.11-3 385.68 OK
r-devel-windows-ix86+x86_64 2.11-3 83.00 251.00 334.00 OK
r-patched-linux-x86_64 2.11-3 56.59 259.60 316.19 OK
r-patched-solaris-x86 2.11-3 577.70 OK
r-release-linux-x86_64 2.11-3 55.13 258.03 313.16 OK
r-release-macos-x86_64 2.11-3 NOTE
r-release-windows-ix86+x86_64 2.11-3 117.00 324.00 441.00 OK
r-oldrel-macos-x86_64 2.11-3 WARN
r-oldrel-windows-ix86+x86_64 2.11-3 74.00 232.00 306.00 OK

Check Details

Version: 2.11-3
Check: package dependencies
Result: NOTE
    Package suggested but not available for checking: ‘RODBC’
Flavor: r-release-macos-x86_64

Version: 2.11-3
Check: whether package can be installed
Result: WARN
    Found the following significant warnings:
     Warning: 'rgl_init' failed, running with rgl.useNULL = TRUE
Flavor: r-oldrel-macos-x86_64

Version: 2.11-3
Check: dependencies in R code
Result: NOTE
    No protocol specified
    No protocol specified
    No protocol specified
Flavor: r-oldrel-macos-x86_64

Version: 2.11-3
Check: S3 generic/method consistency
Result: WARN
    No protocol specified
    No protocol specified
    No protocol specified
    See section ‘Generic functions and methods’ in the ‘Writing R
    Extensions’ manual.
Flavor: r-oldrel-macos-x86_64

Version: 2.11-3
Check: replacement functions
Result: WARN
    No protocol specified
    No protocol specified
    No protocol specified
    The argument of a replacement function which corresponds to the right
    hand side must be named ‘value’.
Flavor: r-oldrel-macos-x86_64

Version: 2.11-3
Check: foreign function calls
Result: NOTE
    No protocol specified
    No protocol specified
    No protocol specified
    See chapter ‘System and foreign language interfaces’ in the ‘Writing R
    Extensions’ manual.
Flavor: r-oldrel-macos-x86_64

Version: 2.11-3
Check: R code for possible problems
Result: NOTE
    No protocol specified
    No protocol specified
    No protocol specified
Flavor: r-oldrel-macos-x86_64

Version: 2.11-3
Check: for missing documentation entries
Result: WARN
    No protocol specified
    No protocol specified
    No protocol specified
    All user-level objects in a package should have documentation entries.
    See chapter ‘Writing R documentation files’ in the ‘Writing R
    Extensions’ manual.
Flavor: r-oldrel-macos-x86_64

Version: 2.11-3
Check: for code/documentation mismatches
Result: WARN
    No protocol specified
    No protocol specified
    No protocol specified
    No protocol specified
    No protocol specified
    No protocol specified
    No protocol specified
    No protocol specified
    No protocol specified
Flavor: r-oldrel-macos-x86_64

Version: 2.11-3
Check: Rd \usage sections
Result: NOTE
    No protocol specified
    No protocol specified
    No protocol specified
    The \usage entries for S3 methods should use the \method markup and not
    their full name.
    See chapter ‘Writing R documentation files’ in the ‘Writing R
    Extensions’ manual.
Flavor: r-oldrel-macos-x86_64