CRAN Package Check Results for Package BuyseTest

Last updated on 2020-01-25 13:46:35 CET.

Flavor Version Tinstall Tcheck Ttotal Status Flags
r-devel-linux-x86_64-debian-clang 1.8.3 58.24 188.50 246.74 OK
r-devel-linux-x86_64-debian-gcc 1.8.3 46.82 166.52 213.34 OK
r-devel-linux-x86_64-fedora-clang 1.8.3 270.44 NOTE
r-devel-linux-x86_64-fedora-gcc 1.8.3 264.57 OK
r-devel-windows-ix86+x86_64 1.8.3 143.00 131.00 274.00 NOTE --no-examples --no-tests --no-vignettes
r-devel-windows-ix86+x86_64-gcc8 1.8.3 149.00 143.00 292.00 NOTE --no-examples --no-tests --no-vignettes
r-patched-linux-x86_64 1.8.3 47.96 157.04 205.00 OK
r-patched-solaris-x86 1.8.3 259.80 NOTE
r-release-linux-x86_64 1.8.3 49.23 155.58 204.81 OK
r-release-windows-ix86+x86_64 1.8.3 139.00 120.00 259.00 NOTE --no-examples --no-tests --no-vignettes
r-release-osx-x86_64 1.8.3 NOTE
r-oldrel-windows-ix86+x86_64 1.8.3 102.00 84.00 186.00 NOTE --no-examples --no-tests --no-vignettes
r-oldrel-osx-x86_64 1.8.3 NOTE

Check Details

Version: 1.8.3
Check: installed package size
Result: NOTE
     installed size is 8.3Mb
     sub-directories of 1Mb or more:
     article 2.0Mb
     libs 4.0Mb
Flavors: r-devel-linux-x86_64-fedora-clang, r-patched-solaris-x86, r-release-osx-x86_64, r-oldrel-osx-x86_64

Version: 1.8.3
Flags: --no-examples --no-tests --no-vignettes
Check: installed package size
Result: NOTE
     installed size is 6.2Mb
     sub-directories of 1Mb or more:
     article 1.9Mb
     libs 1.9Mb
Flavors: r-devel-windows-ix86+x86_64, r-devel-windows-ix86+x86_64-gcc8, r-release-windows-ix86+x86_64, r-oldrel-windows-ix86+x86_64