CRAN Package Check Results for Package CHNCapitalStock

Last updated on 2021-01-20 06:46:41 CET.

Flavor Version Tinstall Tcheck Ttotal Status Flags
r-devel-linux-x86_64-debian-clang 0.1.0 2.00 24.01 26.01 OK
r-devel-linux-x86_64-debian-gcc 0.1.0 1.63 19.24 20.87 OK
r-devel-linux-x86_64-fedora-clang 0.1.0 41.77 NOTE
r-devel-linux-x86_64-fedora-gcc 0.1.0 34.33 NOTE
r-devel-windows-ix86+x86_64 0.1.0 5.00 30.00 35.00 OK
r-patched-linux-x86_64 0.1.0 1.98 23.59 25.57 OK
r-patched-solaris-x86 0.1.0 50.20 NOTE
r-release-linux-x86_64 0.1.0 2.01 23.98 25.99 OK
r-release-macos-x86_64 0.1.0 NOTE
r-release-windows-ix86+x86_64 0.1.0 5.00 30.00 35.00 OK
r-oldrel-macos-x86_64 0.1.0 NOTE
r-oldrel-windows-ix86+x86_64 0.1.0 3.00 29.00 32.00 OK

Check Details

Version: 0.1.0
Check: dependencies in R code
Result: NOTE
    Namespace in Imports field not imported from: ‘magrittr’
     All declared Imports should be used.
Flavors: r-devel-linux-x86_64-fedora-clang, r-devel-linux-x86_64-fedora-gcc, r-patched-solaris-x86, r-release-macos-x86_64, r-oldrel-macos-x86_64