CRAN Package Check Results for Package CIMTx

Last updated on 2021-01-27 06:48:19 CET.

Flavor Version Tinstall Tcheck Ttotal Status Flags
r-devel-linux-x86_64-debian-clang 0.2.0 7.17 59.87 67.04 OK
r-devel-linux-x86_64-debian-gcc 0.2.0 5.73 44.47 50.20 OK
r-devel-linux-x86_64-fedora-clang 0.2.0 87.65 NOTE
r-devel-linux-x86_64-fedora-gcc 0.2.0 84.60 NOTE
r-devel-windows-ix86+x86_64 0.2.0 15.00 89.00 104.00 OK
r-patched-linux-x86_64 0.2.0 4.17 56.54 60.71 OK
r-patched-solaris-x86 0.2.0 107.40 NOTE
r-release-linux-x86_64 0.2.0 4.19 58.23 62.42 OK
r-release-macos-x86_64 0.2.0 NOTE
r-release-windows-ix86+x86_64 0.2.0 13.00 59.00 72.00 OK
r-oldrel-macos-x86_64 0.2.0 NOTE
r-oldrel-windows-ix86+x86_64 0.2.0 8.00 69.00 77.00 OK

Check Details

Version: 0.2.0
Check: dependencies in R code
Result: NOTE
    Namespaces in Imports field not imported from:
     ‘class’ ‘dbarts’ ‘gam’ ‘tidyr’ ‘twang’
     All declared Imports should be used.
Flavors: r-devel-linux-x86_64-fedora-clang, r-devel-linux-x86_64-fedora-gcc, r-patched-solaris-x86, r-release-macos-x86_64, r-oldrel-macos-x86_64