CRAN Package Check Results for Package ClassDiscovery

Last updated on 2020-07-08 13:49:44 CEST.

Flavor Version Tinstall Tcheck Ttotal Status Flags
r-devel-linux-x86_64-debian-clang 3.3.12 4.51 74.50 79.01 OK
r-devel-linux-x86_64-debian-gcc 3.3.12 3.55 56.63 60.18 OK
r-devel-linux-x86_64-fedora-clang 3.3.12 102.33 NOTE
r-devel-linux-x86_64-fedora-gcc 3.3.12 92.56 OK
r-devel-windows-ix86+x86_64 3.3.12 40.00 102.00 142.00 OK
r-patched-linux-x86_64 3.3.12 4.06 72.39 76.45 OK
r-patched-solaris-x86 3.3.12 132.60 OK
r-release-linux-x86_64 3.3.12 3.90 72.18 76.08 OK
r-release-osx-x86_64 3.3.12 OK
r-release-windows-ix86+x86_64 3.3.12 8.00 136.00 144.00 OK
r-oldrel-osx-x86_64 3.3.12 OK
r-oldrel-windows-ix86+x86_64 3.3.12 8.00 130.00 138.00 OK

Check Details

Version: 3.3.12
Check: Rd cross-references
Result: NOTE
    Undeclared package ‘ClassComparison’ in Rd xrefs
Flavor: r-devel-linux-x86_64-fedora-clang