CRAN Package Check Results for Package DAISIE

Last updated on 2021-01-23 06:48:12 CET.

Flavor Version Tinstall Tcheck Ttotal Status Flags
r-devel-linux-x86_64-debian-clang 3.0.1 17.11 477.76 494.87 OK
r-devel-linux-x86_64-debian-gcc 3.0.1 13.69 362.23 375.92 OK
r-devel-linux-x86_64-fedora-clang 3.0.1 588.28 OK
r-devel-linux-x86_64-fedora-gcc 3.0.1 628.12 OK
r-devel-windows-ix86+x86_64 3.0.1 34.00 826.00 860.00 NOTE
r-patched-linux-x86_64 3.0.1 16.39 505.00 521.39 OK
r-patched-solaris-x86 3.0.1 958.90 OK
r-release-linux-x86_64 3.0.1 16.73 504.40 521.13 OK
r-release-macos-x86_64 3.0.1 NOTE
r-release-windows-ix86+x86_64 3.0.1 37.00 885.00 922.00 NOTE
r-oldrel-macos-x86_64 3.0.1 OK
r-oldrel-windows-ix86+x86_64 3.0.1 23.00 613.00 636.00 NOTE

Check Details

Version: 3.0.1
Check: package dependencies
Result: NOTE
    Package which this enhances but not available for checking: 'doMC'
Flavors: r-devel-windows-ix86+x86_64, r-release-windows-ix86+x86_64, r-oldrel-windows-ix86+x86_64

Version: 3.0.1
Check: package dependencies
Result: NOTE
    Package suggested but not available for checking: ‘ggtree’
Flavor: r-release-macos-x86_64