CRAN Package Check Results for Package DendSer

Last updated on 2020-02-19 13:47:04 CET.

Flavor Version Tinstall Tcheck Ttotal Status Flags
r-devel-linux-x86_64-debian-clang 1.0.1 5.87 44.02 49.89 NOTE
r-devel-linux-x86_64-debian-gcc 1.0.1 4.23 33.48 37.71 NOTE
r-devel-linux-x86_64-fedora-clang 1.0.1 60.92 NOTE
r-devel-linux-x86_64-fedora-gcc 1.0.1 58.00 NOTE
r-devel-windows-ix86+x86_64 1.0.1 19.00 79.00 98.00 NOTE
r-devel-windows-ix86+x86_64-gcc8 1.0.1 30.00 114.00 144.00 NOTE
r-patched-linux-x86_64 1.0.1 4.63 38.03 42.66 NOTE
r-patched-solaris-x86 1.0.1 96.30 NOTE
r-release-linux-x86_64 1.0.1 4.13 38.81 42.94 NOTE
r-release-windows-ix86+x86_64 1.0.1 19.00 78.00 97.00 NOTE
r-release-osx-x86_64 1.0.1 NOTE
r-oldrel-windows-ix86+x86_64 1.0.1 12.00 75.00 87.00 NOTE
r-oldrel-osx-x86_64 1.0.1 NOTE

Check Details

Version: 1.0.1
Check: DESCRIPTION meta-information
Result: NOTE
    Malformed Description field: should contain one or more complete sentences.
Flavors: r-devel-linux-x86_64-debian-clang, r-devel-linux-x86_64-debian-gcc, r-devel-linux-x86_64-fedora-clang, r-devel-linux-x86_64-fedora-gcc, r-devel-windows-ix86+x86_64, r-devel-windows-ix86+x86_64-gcc8, r-patched-linux-x86_64, r-patched-solaris-x86, r-release-linux-x86_64, r-release-windows-ix86+x86_64, r-release-osx-x86_64, r-oldrel-windows-ix86+x86_64, r-oldrel-osx-x86_64

Version: 1.0.1
Check: R code for possible problems
Result: NOTE
    DendSer: no visible global function definition for 'getFromNamespace'
    crit2cost : <anonymous>: no visible global function definition for
     'as.dist'
    dser.dist: no visible global function definition for 'hclust'
    dser.matrix: no visible global function definition for 'dist'
    plotAsColor: no visible global function definition for 'image'
    plotAsColor: no visible global function definition for 'box'
    plotAsColor: no visible global function definition for 'axis'
    seriation_method_dist_dser: no visible global function definition for
     'hclust'
    seriation_method_dist_dser: no visible global function definition for
     'modifyList'
    seriation_method_leafsort: no visible global function definition for
     'modifyList'
    Undefined global functions or variables:
     as.dist axis box dist getFromNamespace hclust image modifyList
    Consider adding
     importFrom("graphics", "axis", "box", "image")
     importFrom("stats", "as.dist", "dist", "hclust")
     importFrom("utils", "getFromNamespace", "modifyList")
    to your NAMESPACE file.
Flavors: r-devel-linux-x86_64-debian-clang, r-devel-linux-x86_64-debian-gcc, r-devel-linux-x86_64-fedora-clang, r-devel-linux-x86_64-fedora-gcc, r-devel-windows-ix86+x86_64, r-devel-windows-ix86+x86_64-gcc8, r-patched-linux-x86_64, r-patched-solaris-x86, r-release-linux-x86_64, r-release-windows-ix86+x86_64, r-release-osx-x86_64, r-oldrel-windows-ix86+x86_64, r-oldrel-osx-x86_64

Version: 1.0.1
Check: compiled code
Result: NOTE
    File ‘DendSer/libs/DendSer.so’:
     Found no calls to: ‘R_registerRoutines’, ‘R_useDynamicSymbols’
    
    It is good practice to register native routines and to disable symbol
    search.
    
    See ‘Writing portable packages’ in the ‘Writing R Extensions’ manual.
Flavors: r-devel-linux-x86_64-fedora-clang, r-devel-linux-x86_64-fedora-gcc