CRAN Package Check Results for Package Dominance

Last updated on 2020-07-08 13:49:47 CEST.

Flavor Version Tinstall Tcheck Ttotal Status Flags
r-devel-linux-x86_64-debian-clang 1.1.0 5.11 48.02 53.13 OK
r-devel-linux-x86_64-debian-gcc 1.1.0 4.78 37.15 41.93 OK
r-devel-linux-x86_64-fedora-clang 1.1.0 76.40 OK
r-devel-linux-x86_64-fedora-gcc 1.1.0 67.17 OK
r-devel-windows-ix86+x86_64 1.1.0 11.00 70.00 81.00 OK
r-patched-linux-x86_64 1.1.0 5.34 47.79 53.13 OK
r-release-linux-x86_64 1.1.0 6.60 47.36 53.96 OK
r-release-osx-x86_64 1.1.0 OK
r-release-windows-ix86+x86_64 1.1.0 13.00 69.00 82.00 OK
r-oldrel-osx-x86_64 1.1.0 FAIL
r-oldrel-windows-ix86+x86_64 1.1.0 11.00 91.00 102.00 OK

Check Details

Version: 1.1.0
Check: examples
Result: FAIL
Flavor: r-oldrel-osx-x86_64