CRAN Package Check Results for Package Dominance

Last updated on 2019-10-15 13:46:51 CEST.

Flavor Version Tinstall Tcheck Ttotal Status Flags
r-devel-linux-x86_64-debian-clang 1.1.0 5.74 44.25 49.99 OK
r-devel-linux-x86_64-debian-gcc 1.1.0 4.52 34.85 39.37 OK
r-devel-linux-x86_64-fedora-clang 1.1.0 59.87 OK
r-devel-linux-x86_64-fedora-gcc 1.1.0 60.70 OK
r-devel-windows-ix86+x86_64 1.1.0 6.00 7.00 13.00 ERROR
r-patched-linux-x86_64 1.1.0 5.07 43.45 48.52 OK
r-patched-solaris-x86 1.1.0 87.50 OK
r-release-linux-x86_64 1.1.0 5.11 44.19 49.30 OK
r-release-windows-ix86+x86_64 1.1.0 13.00 66.00 79.00 OK
r-release-osx-x86_64 1.1.0 OK
r-oldrel-windows-ix86+x86_64 1.1.0 5.00 61.00 66.00 OK
r-oldrel-osx-x86_64 1.1.0 OK

Check Details

Version: 1.1.0
Check: whether package can be installed
Result: ERROR
    Installation failed.
Flavor: r-devel-windows-ix86+x86_64

Version: 1.1.0
Check: examples
Result: FAIL
    
Flavor: r-release-osx-x86_64