CRAN Package Check Results for Package EnvStats

Last updated on 2019-09-19 11:46:55 CEST.

Flavor Version Tinstall Tcheck Ttotal Status Flags
r-devel-linux-x86_64-debian-clang 2.3.1 58.56 457.56 516.12 OK
r-devel-linux-x86_64-debian-gcc 2.3.1 50.20 339.64 389.84 OK
r-devel-linux-x86_64-fedora-clang 2.3.1 612.93 NOTE
r-devel-linux-x86_64-fedora-gcc 2.3.1 613.71 OK
r-devel-windows-ix86+x86_64 2.3.1 113.00 539.00 652.00 NOTE
r-patched-linux-x86_64 2.3.1 53.79 446.68 500.47 OK
r-patched-solaris-x86 2.3.1 607.10 NOTE
r-release-linux-x86_64 2.3.1 61.38 444.58 505.96 OK
r-release-windows-ix86+x86_64 2.3.1 82.00 537.00 619.00 NOTE
r-release-osx-x86_64 2.3.1 NOTE
r-oldrel-windows-ix86+x86_64 2.3.1 74.00 385.00 459.00 WARN
r-oldrel-osx-x86_64 2.3.1 NOTE

Check Details

Version: 2.3.1
Check: installed package size
Result: NOTE
     installed size is 9.7Mb
     sub-directories of 1Mb or more:
     R 2.3Mb
     doc 3.3Mb
     help 3.4Mb
Flavors: r-devel-linux-x86_64-fedora-clang, r-devel-windows-ix86+x86_64, r-patched-solaris-x86, r-release-windows-ix86+x86_64, r-release-osx-x86_64, r-oldrel-windows-ix86+x86_64, r-oldrel-osx-x86_64

Version: 2.3.1
Check: whether package can be installed
Result: WARN
    Found the following significant warnings:
     Warning: S3 methods '[.fun_list', '[.grouped_df', 'all.equal.tbl_df', 'anti_join.data.frame', 'anti_join.tbl_df', 'arrange.data.frame', 'arrange.default', 'arrange.grouped_df', 'arrange.tbl_df', 'arrange_.data.frame', 'arrange_.tbl_df', 'as.data.frame.grouped_df', 'as.data.frame.rowwise_df', 'as.data.frame.tbl_cube', 'as.table.tbl_cube', 'as.tbl.data.frame', 'as.tbl.tbl', 'as.tbl_cube.array', 'as.tbl_cube.data.frame', 'as.tbl_cube.matrix', 'as.tbl_cube.table', 'as_tibble.grouped_df', 'as_tibble.tbl_cube', 'auto_copy.tbl_cube', 'auto_copy.tbl_df', 'cbind.grouped_df', 'collapse.data.frame', 'collect.data.frame', 'common_by.NULL', 'common_by.character', 'common_by.default', 'common_by.list', 'compute.data.frame', 'copy_to.DBIConnection', 'copy_to.src_local', 'default_missing.data.frame', 'default_missing.default', 'dim.tbl_cube', 'distinct.data.frame', 'distinct.default', 'distinct.grouped_df', 'distinct.tbl_df', 'distinct_.data.frame', 'distinct_.grouped_df', 'distinct_.tbl_df', 'do.NULL', 'do.da [... truncated]
Flavor: r-oldrel-windows-ix86+x86_64