CRAN Package Check Results for Package EvaluateCore

Last updated on 2021-01-18 06:46:33 CET.

Flavor Version Tinstall Tcheck Ttotal Status Flags
r-devel-linux-x86_64-debian-clang 0.1.1 13.01 129.50 142.51 OK
r-devel-linux-x86_64-debian-gcc 0.1.1 10.75 98.87 109.62 OK
r-devel-linux-x86_64-fedora-clang 0.1.1 183.84 OK
r-devel-linux-x86_64-fedora-gcc 0.1.1 171.55 OK
r-devel-windows-ix86+x86_64 0.1.1 26.00 120.00 146.00 OK
r-patched-linux-x86_64 0.1.1 13.37 122.92 136.29 OK
r-patched-solaris-x86 0.1.1 248.30 NOTE
r-release-linux-x86_64 0.1.1 11.84 122.43 134.27 OK
r-release-macos-x86_64 0.1.1 OK
r-release-windows-ix86+x86_64 0.1.1 27.00 135.00 162.00 OK
r-oldrel-macos-x86_64 0.1.1 OK
r-oldrel-windows-ix86+x86_64 0.1.1 28.00 162.00 190.00 OK

Check Details

Version: 0.1.1
Check: package dependencies
Result: NOTE
    Package suggested but not available for checking: ‘corehunter’
Flavor: r-patched-solaris-x86