Last updated on 2021-01-24 07:50:45 CET.
Flavor | Version | Tinstall | Tcheck | Ttotal | Status | Flags |
---|---|---|---|---|---|---|
r-devel-linux-x86_64-debian-clang | 1.1.15 | 39.45 | 305.03 | 344.48 | OK | |
r-devel-linux-x86_64-debian-gcc | 1.1.15 | 33.58 | 232.70 | 266.28 | OK | |
r-devel-linux-x86_64-fedora-clang | 1.1.15 | 426.98 | OK | |||
r-devel-linux-x86_64-fedora-gcc | 1.1.15 | 421.82 | OK | |||
r-devel-windows-ix86+x86_64 | 1.1.15 | 102.00 | 456.00 | 558.00 | OK | |
r-patched-linux-x86_64 | 1.1.15 | 37.57 | 283.74 | 321.31 | OK | |
r-patched-solaris-x86 | 1.1.15 | 596.80 | OK | |||
r-release-linux-x86_64 | 1.1.15 | 35.61 | 281.82 | 317.43 | OK | |
r-release-macos-x86_64 | 1.1.15 | WARN | ||||
r-release-windows-ix86+x86_64 | 1.1.15 | 87.00 | 449.00 | 536.00 | OK | |
r-oldrel-macos-x86_64 | 1.1.15 | ERROR | ||||
r-oldrel-windows-ix86+x86_64 | 1.1.15 | 80.00 | 360.00 | 440.00 | OK |
Version: 1.1.15
Check: whether package can be installed
Result: WARN
Found the following significant warnings:
VP_psi.c:843:8: warning: 'gsl_finite' is deprecated: first deprecated in macOS 10.9 [-Wdeprecated-declarations]
VP_psi.c:843:41: warning: 'gsl_finite' is deprecated: first deprecated in macOS 10.9 [-Wdeprecated-declarations]
Flavor: r-release-macos-x86_64
Version: 1.1.15
Check: whether package can be installed
Result: ERROR
Installation failed.
Flavor: r-oldrel-macos-x86_64