CRAN Package Check Results for Package FLSSS

Last updated on 2019-08-21 10:47:27 CEST.

Flavor Version Tinstall Tcheck Ttotal Status Flags
r-devel-linux-x86_64-debian-clang 8.5.5 238.47 47.73 286.20 NOTE
r-devel-linux-x86_64-debian-gcc 8.5.5 187.72 38.10 225.82 NOTE
r-devel-linux-x86_64-fedora-clang 8.5.5 444.57 NOTE
r-devel-linux-x86_64-fedora-gcc 8.5.5 425.14 NOTE
r-devel-windows-ix86+x86_64 8.5.5 623.00 114.00 737.00 NOTE
r-patched-linux-x86_64 8.5.5 213.97 46.33 260.30 NOTE
r-patched-solaris-x86 8.5.5 370.00 NOTE
r-release-linux-x86_64 8.5.5 211.72 46.36 258.08 NOTE
r-release-windows-ix86+x86_64 8.5.5 463.00 90.00 553.00 NOTE
r-release-osx-x86_64 8.5.5 NOTE
r-oldrel-windows-ix86+x86_64 8.5.5 604.00 116.00 720.00 NOTE
r-oldrel-osx-x86_64 8.5.5 NOTE

Additional issues

gcc-UBSAN

Check Details

Version: 8.5.5
Check: for GNU extensions in Makefiles
Result: NOTE
    GNU make is a SystemRequirements.
Flavors: r-devel-linux-x86_64-debian-clang, r-devel-linux-x86_64-debian-gcc, r-devel-linux-x86_64-fedora-clang, r-devel-linux-x86_64-fedora-gcc, r-devel-windows-ix86+x86_64, r-patched-linux-x86_64, r-patched-solaris-x86, r-release-linux-x86_64, r-release-windows-ix86+x86_64, r-release-osx-x86_64, r-oldrel-windows-ix86+x86_64, r-oldrel-osx-x86_64

Version: 8.5.5
Check: installed package size
Result: NOTE
     installed size is 19.0Mb
     sub-directories of 1Mb or more:
     libs 18.8Mb
Flavors: r-devel-linux-x86_64-fedora-clang, r-release-osx-x86_64, r-oldrel-osx-x86_64