CRAN Package Check Results for Package FLSSS

Last updated on 2019-12-12 13:47:22 CET.

Flavor Version Tinstall Tcheck Ttotal Status Flags
r-devel-linux-x86_64-debian-clang 8.5.6 271.57 50.69 322.26 NOTE
r-devel-linux-x86_64-debian-gcc 8.5.6 197.56 39.17 236.73 NOTE
r-devel-linux-x86_64-fedora-clang 8.5.6 463.82 NOTE
r-devel-linux-x86_64-fedora-gcc 8.5.6 438.75 NOTE
r-devel-windows-ix86+x86_64 8.5.6 470.00 91.00 561.00 NOTE
r-devel-windows-ix86+x86_64-gcc8 8.5.6 512.00 121.00 633.00 NOTE
r-patched-linux-x86_64 8.5.6 221.23 45.90 267.13 NOTE
r-patched-solaris-x86 8.5.6 358.00 NOTE
r-release-linux-x86_64 8.5.6 222.32 45.54 267.86 NOTE
r-release-windows-ix86+x86_64 8.5.6 501.00 90.00 591.00 NOTE
r-release-osx-x86_64 8.5.6 NOTE
r-oldrel-windows-ix86+x86_64 8.5.6 452.00 93.00 545.00 NOTE
r-oldrel-osx-x86_64 8.5.6 NOTE

Additional issues

clang-UBSAN gcc-UBSAN

Check Details

Version: 8.5.6
Check: for GNU extensions in Makefiles
Result: NOTE
    GNU make is a SystemRequirements.
Flavors: r-devel-linux-x86_64-debian-clang, r-devel-linux-x86_64-debian-gcc, r-devel-linux-x86_64-fedora-clang, r-devel-linux-x86_64-fedora-gcc, r-devel-windows-ix86+x86_64, r-devel-windows-ix86+x86_64-gcc8, r-patched-linux-x86_64, r-patched-solaris-x86, r-release-linux-x86_64, r-release-windows-ix86+x86_64, r-release-osx-x86_64, r-oldrel-windows-ix86+x86_64, r-oldrel-osx-x86_64

Version: 8.5.6
Check: installed package size
Result: NOTE
     installed size is 19.8Mb
     sub-directories of 1Mb or more:
     libs 19.5Mb
Flavors: r-devel-linux-x86_64-fedora-clang, r-release-osx-x86_64, r-oldrel-osx-x86_64