CRAN Package Check Results for Package FSA

Last updated on 2019-12-12 13:47:22 CET.

Flavor Version Tinstall Tcheck Ttotal Status Flags
r-devel-linux-x86_64-debian-clang 0.8.26 14.76 145.77 160.53 OK
r-devel-linux-x86_64-debian-gcc 0.8.26 11.87 105.50 117.37 OK
r-devel-linux-x86_64-fedora-clang 0.8.26 196.65 OK
r-devel-linux-x86_64-fedora-gcc 0.8.26 182.64 OK
r-devel-windows-ix86+x86_64 0.8.26 21.00 181.00 202.00 OK
r-devel-windows-ix86+x86_64-gcc8 0.8.26 29.00 216.00 245.00 OK
r-patched-linux-x86_64 0.8.26 12.62 129.76 142.38 OK
r-patched-solaris-x86 0.8.26 211.70 NOTE
r-release-linux-x86_64 0.8.26 12.75 128.10 140.85 OK
r-release-windows-ix86+x86_64 0.8.26 19.00 144.00 163.00 OK
r-release-osx-x86_64 0.8.26 OK
r-oldrel-windows-ix86+x86_64 0.8.26 17.00 135.00 152.00 OK
r-oldrel-osx-x86_64 0.8.26 OK

Check Details

Version: 0.8.26
Check: Rd cross-references
Result: NOTE
    Package unavailable to check Rd xrefs: ‘RMark’
Flavor: r-patched-solaris-x86