CRAN Package Check Results for Package FSA

Last updated on 2019-08-21 13:46:12 CEST.

Flavor Version Tinstall Tcheck Ttotal Status Flags
r-devel-linux-x86_64-debian-clang 0.8.25 13.69 126.89 140.58 OK
r-devel-linux-x86_64-debian-gcc 0.8.25 OK
r-devel-linux-x86_64-fedora-clang 0.8.25 162.64 OK
r-devel-linux-x86_64-fedora-gcc 0.8.25 161.62 OK
r-devel-windows-ix86+x86_64 0.8.25 32.00 196.00 228.00 OK
r-patched-linux-x86_64 0.8.25 11.22 123.97 135.19 OK
r-patched-solaris-x86 0.8.25 212.60 NOTE
r-release-linux-x86_64 0.8.25 12.04 126.95 138.99 OK
r-release-windows-ix86+x86_64 0.8.25 24.00 134.00 158.00 OK
r-release-osx-x86_64 0.8.25 OK
r-oldrel-windows-ix86+x86_64 0.8.25 23.00 181.00 204.00 OK
r-oldrel-osx-x86_64 0.8.25 OK

Check Details

Version: 0.8.25
Check: Rd cross-references
Result: NOTE
    Package unavailable to check Rd xrefs: ‘RMark’
Flavor: r-patched-solaris-x86