Last updated on 2019-12-05 13:46:41 CET.
Flavor | Version | Tinstall | Tcheck | Ttotal | Status | Flags |
---|---|---|---|---|---|---|
r-devel-linux-x86_64-debian-clang | 0.1.1 | 3.86 | 75.76 | 79.62 | NOTE | |
r-devel-linux-x86_64-debian-gcc | 0.1.1 | 3.65 | 56.15 | 59.80 | NOTE | |
r-devel-linux-x86_64-fedora-clang | 0.1.1 | 91.00 | OK | |||
r-devel-linux-x86_64-fedora-gcc | 0.1.1 | 89.46 | OK | |||
r-devel-windows-ix86+x86_64 | 0.1.1 | 8.00 | 80.00 | 88.00 | NOTE | |
r-devel-windows-ix86+x86_64-gcc8 | 0.1.1 | 9.00 | 78.00 | 87.00 | NOTE | |
r-patched-linux-x86_64 | 0.1.1 | 3.62 | 69.61 | 73.23 | OK | |
r-patched-solaris-x86 | 0.1.1 | 166.40 | OK | |||
r-release-linux-x86_64 | 0.1.1 | 3.08 | 69.94 | 73.02 | OK | |
r-release-windows-ix86+x86_64 | 0.1.1 | 10.00 | 85.00 | 95.00 | OK | |
r-release-osx-x86_64 | 0.1.1 | OK | ||||
r-oldrel-windows-ix86+x86_64 | 0.1.1 | 5.00 | 80.00 | 85.00 | OK | |
r-oldrel-osx-x86_64 | 0.1.1 | OK |
Version: 0.1.1
Check: package vignettes
Result: NOTE
Package vignette with placeholder title 'Vignette Title':
'FusionLearn.Rmd'
Flavors: r-devel-linux-x86_64-debian-clang, r-devel-linux-x86_64-debian-gcc, r-devel-windows-ix86+x86_64, r-devel-windows-ix86+x86_64-gcc8