CRAN Package Check Results for Package FusionLearn

Last updated on 2019-08-19 13:46:50 CEST.

Flavor Version Tinstall Tcheck Ttotal Status Flags
r-devel-linux-x86_64-debian-clang 0.1.1 3.67 72.72 76.39 NOTE
r-devel-linux-x86_64-debian-gcc 0.1.1 3.59 54.01 57.60 NOTE
r-devel-linux-x86_64-fedora-clang 0.1.1 92.14 OK
r-devel-linux-x86_64-fedora-gcc 0.1.1 86.56 OK
r-devel-windows-ix86+x86_64 0.1.1 11.00 105.00 116.00 NOTE
r-patched-linux-x86_64 0.1.1 3.98 69.72 73.70 OK
r-patched-solaris-x86 0.1.1 171.40 OK
r-release-linux-x86_64 0.1.1 3.41 71.05 74.46 OK
r-release-windows-ix86+x86_64 0.1.1 6.00 74.00 80.00 OK
r-release-osx-x86_64 0.1.1 OK
r-oldrel-windows-ix86+x86_64 0.1.1 18.00 100.00 118.00 OK
r-oldrel-osx-x86_64 0.1.1 OK

Check Details

Version: 0.1.1
Check: package vignettes
Result: NOTE
    Package vignette with placeholder title 'Vignette Title':
     'FusionLearn.Rmd'
Flavors: r-devel-linux-x86_64-debian-clang, r-devel-linux-x86_64-debian-gcc, r-devel-windows-ix86+x86_64