CRAN Package Check Results for Package GALLO

Last updated on 2021-01-19 07:50:41 CET.

Flavor Version Tinstall Tcheck Ttotal Status Flags
r-devel-linux-x86_64-debian-clang 1.1 8.15 111.87 120.02 OK
r-devel-linux-x86_64-debian-gcc 1.1 6.61 80.40 87.01 OK
r-devel-linux-x86_64-fedora-clang 1.1 151.43 NOTE
r-devel-linux-x86_64-fedora-gcc 1.1 141.59 NOTE
r-devel-windows-ix86+x86_64 1.1 14.00 94.00 108.00 OK
r-patched-linux-x86_64 1.1 6.74 100.79 107.53 OK
r-patched-solaris-x86 1.1 148.60 WARN
r-release-linux-x86_64 1.1 6.68 101.70 108.38 OK
r-release-macos-x86_64 1.1 WARN
r-release-windows-ix86+x86_64 1.1 15.00 107.00 122.00 OK
r-oldrel-macos-x86_64 1.1 ERROR
r-oldrel-windows-ix86+x86_64 0.99.0 15.00 93.00 108.00 WARN

Check Details

Version: 1.1
Check: dependencies in R code
Result: NOTE
    Namespaces in Imports field not imported from:
     ‘DT’ ‘dynamicTreeCut’ ‘magick’
     All declared Imports should be used.
Flavors: r-devel-linux-x86_64-fedora-clang, r-devel-linux-x86_64-fedora-gcc, r-patched-solaris-x86, r-release-macos-x86_64

Version: 1.1
Check: re-building of vignette outputs
Result: WARN
    Error(s) in re-building vignettes:
     ...
    --- re-building ‘GALLO.Rmd’ using rmarkdown
    Warning in engine$weave(file, quiet = quiet, encoding = enc) :
     Pandoc (>= 1.12.3) and/or pandoc-citeproc not available. Falling back to R Markdown v1.
    Quitting from lines 45-59 (GALLO.Rmd)
    Error: processing vignette 'GALLO.Rmd' failed with diagnostics:
    there is no package called 'webshot'
    --- failed re-building ‘GALLO.Rmd’
    
    SUMMARY: processing the following file failed:
     ‘GALLO.Rmd’
    
    Error: Vignette re-building failed.
    Execution halted
Flavor: r-patched-solaris-x86

Version: 1.1
Check: re-building of vignette outputs
Result: WARN
    Error(s) in re-building vignettes:
     ...
    --- re-building ‘GALLO.Rmd’ using rmarkdown
    Warning in engine$weave(file, quiet = quiet, encoding = enc) :
     Pandoc (>= 1.12.3) and/or pandoc-citeproc not available. Falling back to R Markdown v1.
    Quitting from lines 45-59 (GALLO.Rmd)
    Error: processing vignette 'GALLO.Rmd' failed with diagnostics:
    cannot open the connection
    --- failed re-building ‘GALLO.Rmd’
    
    SUMMARY: processing the following file failed:
     ‘GALLO.Rmd’
    
    Error: Vignette re-building failed.
    Execution halted
Flavor: r-release-macos-x86_64

Version: 1.1
Check: package dependencies
Result: NOTE
    Package suggested but not available for checking: ‘BiocStyle’
Flavor: r-oldrel-macos-x86_64

Version: 1.1
Check: whether package can be installed
Result: ERROR
    Installation failed.
Flavor: r-oldrel-macos-x86_64

Version: 0.99.0
Check: installed package size
Result: NOTE
     installed size is 5.7Mb
     sub-directories of 1Mb or more:
     data 1.9Mb
     doc 3.2Mb
Flavor: r-oldrel-windows-ix86+x86_64

Version: 0.99.0
Check: re-building of vignette outputs
Result: WARN
    Error(s) in re-building vignettes:
    --- re-building 'GALLO.Rmd' using rmarkdown
    Quitting from lines 32-36 (GALLO.Rmd)
    Error: processing vignette 'GALLO.Rmd' failed with diagnostics:
    argument is of length zero
    --- failed re-building 'GALLO.Rmd'
    
    SUMMARY: processing the following file failed:
     'GALLO.Rmd'
    
    Error: Vignette re-building failed.
    Execution halted
Flavor: r-oldrel-windows-ix86+x86_64