CRAN Package Check Results for Package GBJ

Last updated on 2019-10-15 13:46:53 CEST.

Flavor Version Tinstall Tcheck Ttotal Status Flags
r-devel-linux-x86_64-debian-clang 0.5.2 21.20 57.07 78.27 NOTE
r-devel-linux-x86_64-debian-gcc 0.5.2 13.70 44.36 58.06 NOTE
r-devel-linux-x86_64-fedora-clang 0.5.2 98.71 OK
r-devel-linux-x86_64-fedora-gcc 0.5.2 95.55 OK
r-devel-windows-ix86+x86_64 0.5.2 58.00 99.00 157.00 NOTE
r-patched-linux-x86_64 0.5.2 15.60 57.15 72.75 OK
r-patched-solaris-x86 0.5.2 138.30 OK
r-release-linux-x86_64 0.5.2 18.03 57.41 75.44 OK
r-release-windows-ix86+x86_64 0.5.2 56.00 144.00 200.00 OK
r-release-osx-x86_64 0.5.2 OK
r-oldrel-windows-ix86+x86_64 0.5.2 39.00 97.00 136.00 OK
r-oldrel-osx-x86_64 0.5.2 OK

Check Details

Version: 0.5.2
Check: package vignettes
Result: NOTE
    Package vignette with placeholder title 'Vignette Title':
     'GBJ_tutorial.Rmd'
Flavors: r-devel-linux-x86_64-debian-clang, r-devel-linux-x86_64-debian-gcc, r-devel-windows-ix86+x86_64