Last updated on 2021-01-22 07:49:39 CET.
Flavor | Version | Tinstall | Tcheck | Ttotal | Status | Flags |
---|---|---|---|---|---|---|
r-devel-linux-x86_64-debian-clang | 1.3.1 | 83.51 | 549.63 | 633.14 | OK | |
r-devel-linux-x86_64-debian-gcc | 1.3.1 | 64.35 | 401.72 | 466.07 | OK | |
r-devel-linux-x86_64-fedora-clang | 1.3.1 | 800.03 | NOTE | |||
r-devel-linux-x86_64-fedora-gcc | 1.3.1 | 744.69 | OK | |||
r-devel-windows-ix86+x86_64 | 1.3.1 | 188.00 | 794.00 | 982.00 | NOTE | |
r-patched-linux-x86_64 | 1.3.1 | 69.34 | 520.43 | 589.77 | OK | |
r-release-linux-x86_64 | 1.3.1 | 75.07 | 500.02 | 575.09 | OK | |
r-release-macos-x86_64 | 1.3.1 | NOTE | ||||
r-release-windows-ix86+x86_64 | 1.3.1 | 136.00 | 777.00 | 913.00 | NOTE | |
r-oldrel-macos-x86_64 | 1.3.1 | ERROR | ||||
r-oldrel-windows-ix86+x86_64 | 1.3.1 | 130.00 | 524.00 | 654.00 | NOTE |
Version: 1.3.1
Check: installed package size
Result: NOTE
installed size is 8.3Mb
sub-directories of 1Mb or more:
libs 6.4Mb
Flavors: r-devel-linux-x86_64-fedora-clang, r-devel-windows-ix86+x86_64, r-release-macos-x86_64, r-release-windows-ix86+x86_64
Version: 1.3.1
Check: package dependencies
Result: NOTE
Package suggested but not available for checking: 'doMC'
Flavors: r-devel-windows-ix86+x86_64, r-release-windows-ix86+x86_64, r-oldrel-windows-ix86+x86_64
Version: 1.3.1
Check: whether package can be installed
Result: ERROR
Installation failed.
Flavor: r-oldrel-macos-x86_64