CRAN Package Check Results for Package GWEX

Last updated on 2019-08-23 13:46:54 CEST.

Flavor Version Tinstall Tcheck Ttotal Status Flags
r-devel-linux-x86_64-debian-clang 1.0.1 5.60 33.22 38.82 OK
r-devel-linux-x86_64-debian-gcc 1.0.1 OK
r-devel-linux-x86_64-fedora-clang 1.0.1 47.74 NOTE
r-devel-linux-x86_64-fedora-gcc 1.0.1 45.61 NOTE
r-devel-windows-ix86+x86_64 1.0.1 16.00 68.00 84.00 OK
r-patched-linux-x86_64 1.0.1 4.86 32.62 37.48 OK
r-patched-solaris-x86 1.0.1 74.70 OK
r-release-linux-x86_64 1.0.1 4.92 32.90 37.82 OK
r-release-windows-ix86+x86_64 1.0.1 28.00 97.00 125.00 OK
r-release-osx-x86_64 1.0.1 OK
r-oldrel-windows-ix86+x86_64 1.0.1 15.00 101.00 116.00 OK
r-oldrel-osx-x86_64 1.0.1 OK

Check Details

Version: 1.0.1
Check: compiled code
Result: NOTE
    File ‘GWEX/libs/GWEX.so’:
     Found no calls to: ‘R_registerRoutines’, ‘R_useDynamicSymbols’
    
    It is good practice to register native routines and to disable symbol
    search.
    
    See ‘Writing portable packages’ in the ‘Writing R Extensions’ manual.
Flavors: r-devel-linux-x86_64-fedora-clang, r-devel-linux-x86_64-fedora-gcc