CRAN Package Check Results for Package GWEX

Last updated on 2020-01-25 13:46:41 CET.

Flavor Version Tinstall Tcheck Ttotal Status Flags
r-devel-linux-x86_64-debian-clang 1.0.2 5.76 35.59 41.35 OK
r-devel-linux-x86_64-debian-gcc 1.0.2 5.65 27.80 33.45 OK
r-devel-linux-x86_64-fedora-clang 1.0.2 53.95 NOTE
r-devel-linux-x86_64-fedora-gcc 1.0.2 50.19 NOTE
r-devel-windows-ix86+x86_64 1.0.2 19.00 102.00 121.00 OK
r-devel-windows-ix86+x86_64-gcc8 1.0.2 32.00 103.00 135.00 OK
r-patched-linux-x86_64 1.0.2 4.65 32.06 36.71 OK
r-patched-solaris-x86 1.0.2 73.70 OK
r-release-linux-x86_64 1.0.2 5.50 31.43 36.93 OK
r-release-windows-ix86+x86_64 1.0.2 16.00 88.00 104.00 OK
r-release-osx-x86_64 1.0.2 OK
r-oldrel-windows-ix86+x86_64 1.0.2 13.00 78.00 91.00 OK
r-oldrel-osx-x86_64 1.0.2 OK

Check Details

Version: 1.0.2
Check: compiled code
Result: NOTE
    File ‘GWEX/libs/GWEX.so’:
     Found no calls to: ‘R_registerRoutines’, ‘R_useDynamicSymbols’
    
    It is good practice to register native routines and to disable symbol
    search.
    
    See ‘Writing portable packages’ in the ‘Writing R Extensions’ manual.
Flavors: r-devel-linux-x86_64-fedora-clang, r-devel-linux-x86_64-fedora-gcc