CRAN Package Check Results for Package GetQuandlData

Last updated on 2021-01-17 06:46:49 CET.

Flavor Version Tinstall Tcheck Ttotal Status Flags
r-devel-linux-x86_64-debian-clang 0.1.0 1.68 23.51 25.19 OK
r-devel-linux-x86_64-debian-gcc 0.1.0 1.54 18.89 20.43 OK
r-devel-linux-x86_64-fedora-clang 0.1.0 40.54 NOTE
r-devel-linux-x86_64-fedora-gcc 0.1.0 32.59 NOTE
r-devel-windows-ix86+x86_64 0.1.0 5.00 29.00 34.00 OK
r-patched-linux-x86_64 0.1.0 1.91 23.48 25.39 OK
r-patched-solaris-x86 0.1.0 46.50 NOTE
r-release-linux-x86_64 0.1.0 2.21 23.00 25.21 OK
r-release-macos-x86_64 0.1.0 NOTE
r-release-windows-ix86+x86_64 0.1.0 5.00 31.00 36.00 OK
r-oldrel-macos-x86_64 0.1.0 NOTE
r-oldrel-windows-ix86+x86_64 0.1.0 4.00 38.00 42.00 OK

Check Details

Version: 0.1.0
Check: dependencies in R code
Result: NOTE
    Namespaces in Imports field not imported from:
     ‘scales’ ‘stringr’
     All declared Imports should be used.
Flavors: r-devel-linux-x86_64-fedora-clang, r-devel-linux-x86_64-fedora-gcc, r-patched-solaris-x86, r-release-macos-x86_64, r-oldrel-macos-x86_64