CRAN Package Check Results for Package GxM

Last updated on 2020-02-23 08:47:16 CET.

Flavor Version Tinstall Tcheck Ttotal Status Flags
r-devel-linux-x86_64-debian-clang 1.1 7.89 47.41 55.30 NOTE
r-devel-linux-x86_64-debian-gcc 1.1 6.18 35.43 41.61 NOTE
r-devel-linux-x86_64-fedora-clang 1.1 65.04 NOTE
r-devel-linux-x86_64-fedora-gcc 1.1 63.27 NOTE
r-devel-windows-ix86+x86_64 1.1 10.00 56.00 66.00 NOTE
r-devel-windows-ix86+x86_64-gcc8 1.1 16.00 81.00 97.00 NOTE
r-patched-linux-x86_64 1.1 NOTE
r-patched-solaris-x86 1.1 79.50 NOTE
r-release-linux-x86_64 1.1 5.05 41.91 46.96 NOTE
r-release-windows-ix86+x86_64 1.1 9.00 57.00 66.00 NOTE
r-release-osx-x86_64 1.1 NOTE
r-oldrel-windows-ix86+x86_64 1.1 10.00 55.00 65.00 NOTE
r-oldrel-osx-x86_64 1.1 NOTE

Check Details

Version: 1.1
Check: R code for possible problems
Result: NOTE
    GxMestimator: no visible global function definition for 'na.omit'
    initialization_chol: no visible global function definition for 'cov'
    initialization_corr: no visible global function definition for 'cov'
    initialization_nlmain: no visible global function definition for
     'lm.fit'
    print.summaryGxMclass: no visible global function definition for
     'pnorm'
    print.summaryGxMclass: no visible global function definition for
     'printCoefmat'
    Undefined global functions or variables:
     cov lm.fit na.omit pnorm printCoefmat
    Consider adding
     importFrom("stats", "cov", "lm.fit", "na.omit", "pnorm",
     "printCoefmat")
    to your NAMESPACE file.
Flavors: r-devel-linux-x86_64-debian-clang, r-devel-linux-x86_64-debian-gcc, r-devel-linux-x86_64-fedora-clang, r-devel-linux-x86_64-fedora-gcc, r-devel-windows-ix86+x86_64, r-devel-windows-ix86+x86_64-gcc8, r-patched-linux-x86_64, r-patched-solaris-x86, r-release-linux-x86_64, r-release-windows-ix86+x86_64, r-release-osx-x86_64, r-oldrel-windows-ix86+x86_64, r-oldrel-osx-x86_64