CRAN Package Check Results for Package HCT

Last updated on 2019-08-22 08:49:05 CEST.

Flavor Version Tinstall Tcheck Ttotal Status Flags
r-devel-linux-x86_64-debian-clang 0.1.0 10.16 155.79 165.95 OK
r-devel-linux-x86_64-debian-gcc 0.1.0 7.97 137.43 145.40 OK
r-devel-linux-x86_64-fedora-clang 0.1.0 192.04 NOTE
r-devel-linux-x86_64-fedora-gcc 0.1.0 227.15 OK
r-devel-windows-ix86+x86_64 0.1.0 19.00 215.00 234.00 NOTE
r-patched-linux-x86_64 0.1.0 9.40 162.77 172.17 OK
r-patched-solaris-x86 0.1.0 199.70 NOTE
r-release-linux-x86_64 0.1.0 9.52 167.69 177.21 OK
r-release-windows-ix86+x86_64 0.1.0 29.00 201.00 230.00 NOTE
r-release-osx-x86_64 0.1.0 NOTE
r-oldrel-windows-ix86+x86_64 0.1.0 15.00 195.00 210.00 NOTE
r-oldrel-osx-x86_64 0.1.0 NOTE

Check Details

Version: 0.1.0
Check: installed package size
Result: NOTE
     installed size is 10.1Mb
     sub-directories of 1Mb or more:
     data 10.0Mb
Flavors: r-devel-linux-x86_64-fedora-clang, r-devel-windows-ix86+x86_64, r-patched-solaris-x86, r-release-windows-ix86+x86_64, r-release-osx-x86_64, r-oldrel-windows-ix86+x86_64, r-oldrel-osx-x86_64