CRAN Package Check Results for Package HCT

Last updated on 2019-12-14 11:49:53 CET.

Flavor Version Tinstall Tcheck Ttotal Status Flags
r-devel-linux-x86_64-debian-clang 0.1.0 9.31 172.32 181.63 OK
r-devel-linux-x86_64-debian-gcc 0.1.0 8.76 138.37 147.13 OK
r-devel-linux-x86_64-fedora-clang 0.1.0 202.09 NOTE
r-devel-linux-x86_64-fedora-gcc 0.1.0 241.43 OK
r-devel-windows-ix86+x86_64 0.1.0 18.00 146.00 164.00 NOTE
r-devel-windows-ix86+x86_64-gcc8 0.1.0 18.00 234.00 252.00 NOTE
r-patched-linux-x86_64 0.1.0 7.47 162.21 169.68 OK
r-patched-solaris-x86 0.1.0 229.30 NOTE
r-release-linux-x86_64 0.1.0 6.68 161.89 168.57 OK
r-release-windows-ix86+x86_64 0.1.0 17.00 150.00 167.00 NOTE
r-release-osx-x86_64 0.1.0 NOTE
r-oldrel-windows-ix86+x86_64 0.1.0 11.00 147.00 158.00 NOTE
r-oldrel-osx-x86_64 0.1.0 NOTE

Check Details

Version: 0.1.0
Check: installed package size
Result: NOTE
     installed size is 10.1Mb
     sub-directories of 1Mb or more:
     data 10.0Mb
Flavors: r-devel-linux-x86_64-fedora-clang, r-devel-windows-ix86+x86_64, r-devel-windows-ix86+x86_64-gcc8, r-patched-solaris-x86, r-release-windows-ix86+x86_64, r-release-osx-x86_64, r-oldrel-windows-ix86+x86_64, r-oldrel-osx-x86_64