CRAN Package Check Results for Package LEANR

Last updated on 2021-01-24 07:50:50 CET.

Flavor Version Tinstall Tcheck Ttotal Status Flags
r-devel-linux-x86_64-debian-clang 1.4.9 8.16 123.35 131.51 OK
r-devel-linux-x86_64-debian-gcc 1.4.9 7.40 91.27 98.67 OK
r-devel-linux-x86_64-fedora-clang 1.4.9 169.53 OK
r-devel-linux-x86_64-fedora-gcc 1.4.9 153.34 OK
r-devel-windows-ix86+x86_64 1.4.9 15.00 158.00 173.00 NOTE
r-patched-linux-x86_64 1.4.9 8.21 117.99 126.20 OK
r-patched-solaris-x86 1.4.9 202.00 OK
r-release-linux-x86_64 1.4.9 7.83 117.13 124.96 OK
r-release-macos-x86_64 1.4.9 OK
r-release-windows-ix86+x86_64 1.4.9 10.00 157.00 167.00 NOTE
r-oldrel-macos-x86_64 1.4.9 OK
r-oldrel-windows-ix86+x86_64 1.4.9 12.00 155.00 167.00 NOTE

Check Details

Version: 1.4.9
Check: package dependencies
Result: NOTE
    Package suggested but not available for checking: 'doMC'
Flavors: r-devel-windows-ix86+x86_64, r-release-windows-ix86+x86_64, r-oldrel-windows-ix86+x86_64