CRAN Package Check Results for Package LS2Wstat

Last updated on 2020-02-23 13:47:39 CET.

Flavor Version Tinstall Tcheck Ttotal Status Flags
r-devel-linux-x86_64-debian-clang 2.1-2 16.33 137.32 153.65 OK
r-devel-linux-x86_64-debian-gcc 2.1-2 12.43 104.85 117.28 OK
r-devel-linux-x86_64-fedora-clang 2.1-2 194.95 WARN
r-devel-linux-x86_64-fedora-gcc 2.1-2 191.66 WARN
r-devel-windows-ix86+x86_64 2.1-2 29.00 137.00 166.00 OK
r-devel-windows-ix86+x86_64-gcc8 2.1-2 44.00 164.00 208.00 OK
r-patched-linux-x86_64 2.1-2 OK
r-patched-solaris-x86 2.1-2 260.60 OK
r-release-linux-x86_64 2.1-2 12.08 120.59 132.67 OK
r-release-windows-ix86+x86_64 2.1-2 25.00 121.00 146.00 OK
r-release-osx-x86_64 2.1-2 OK
r-oldrel-windows-ix86+x86_64 2.1-2 19.00 127.00 146.00 OK
r-oldrel-osx-x86_64 2.1-2 OK

Check Details

Version: 2.1-2
Check: whether package can be installed
Result: WARN
    Found the following significant warnings:
     Warning: namespace ‘rgdal’ is not available and has been replaced
Flavors: r-devel-linux-x86_64-fedora-clang, r-devel-linux-x86_64-fedora-gcc