CRAN Package Check Results for Package LaF

Last updated on 2019-12-05 13:46:45 CET.

Flavor Version Tinstall Tcheck Ttotal Status Flags
r-devel-linux-x86_64-debian-clang 0.8.0 98.08 41.30 139.38 NOTE
r-devel-linux-x86_64-debian-gcc 0.8.0 60.67 32.48 93.15 NOTE
r-devel-linux-x86_64-fedora-clang 0.8.0 197.83 NOTE
r-devel-linux-x86_64-fedora-gcc 0.8.0 170.67 NOTE
r-devel-windows-ix86+x86_64 0.8.0 209.00 78.00 287.00 OK
r-devel-windows-ix86+x86_64-gcc8 0.8.0 205.00 82.00 287.00 OK
r-patched-linux-x86_64 0.8.0 68.59 37.99 106.58 OK
r-patched-solaris-x86 0.8.0 174.70 OK
r-release-linux-x86_64 0.8.0 66.82 37.78 104.60 OK
r-release-windows-ix86+x86_64 0.8.0 266.00 74.00 340.00 OK
r-release-osx-x86_64 0.8.0 OK
r-oldrel-windows-ix86+x86_64 0.8.0 246.00 78.00 324.00 OK
r-oldrel-osx-x86_64 0.8.0 OK

Check Details

Version: 0.8.0
Check: for non-standard things in the check directory
Result: NOTE
    Found the following files/directories:
     'tmp.bla' 'tmp.csv' 'tmp.dat' 'tmp.yaml' 'tmp2.csv'
Flavors: r-devel-linux-x86_64-debian-clang, r-devel-linux-x86_64-debian-gcc, r-devel-linux-x86_64-fedora-clang, r-devel-linux-x86_64-fedora-gcc