CRAN Package Check Results for Package LaF

Last updated on 2019-08-19 12:47:43 CEST.

Flavor Version Tinstall Tcheck Ttotal Status Flags
r-devel-linux-x86_64-debian-clang 0.8.0 79.82 38.19 118.01 NOTE
r-devel-linux-x86_64-debian-gcc 0.8.0 56.84 30.71 87.55 NOTE
r-devel-linux-x86_64-fedora-clang 0.8.0 195.29 NOTE
r-devel-linux-x86_64-fedora-gcc 0.8.0 167.98 NOTE
r-devel-windows-ix86+x86_64 0.8.0 228.00 113.00 341.00 OK
r-patched-linux-x86_64 0.8.0 69.31 38.02 107.33 OK
r-patched-solaris-x86 0.8.0 184.90 OK
r-release-linux-x86_64 0.8.0 69.14 37.85 106.99 OK
r-release-windows-ix86+x86_64 0.8.0 176.00 77.00 253.00 OK
r-release-osx-x86_64 0.8.0 OK
r-oldrel-windows-ix86+x86_64 0.8.0 360.00 96.00 456.00 OK
r-oldrel-osx-x86_64 0.8.0 OK

Check Details

Version: 0.8.0
Check: for non-standard things in the check directory
Result: NOTE
    Found the following files/directories:
     'tmp.bla' 'tmp.csv' 'tmp.dat' 'tmp.yaml' 'tmp2.csv'
Flavors: r-devel-linux-x86_64-debian-clang, r-devel-linux-x86_64-debian-gcc, r-devel-linux-x86_64-fedora-clang, r-devel-linux-x86_64-fedora-gcc