CRAN Package Check Results for Package LilRhino

Last updated on 2019-11-17 13:46:35 CET.

Flavor Version Tinstall Tcheck Ttotal Status Flags
r-devel-linux-x86_64-debian-clang 1.2.0 10.41 84.10 94.51 OK
r-devel-linux-x86_64-debian-gcc 1.2.0 9.85 62.41 72.26 OK
r-devel-linux-x86_64-fedora-clang 1.2.0 108.20 NOTE
r-devel-linux-x86_64-fedora-gcc 1.2.0 107.17 NOTE
r-devel-windows-ix86+x86_64 1.2.0 36.00 107.00 143.00 OK
r-patched-linux-x86_64 1.2.0 9.24 77.08 86.32 OK
r-patched-solaris-x86 1.2.0 164.30 NOTE
r-release-linux-x86_64 1.2.0 8.99 76.62 85.61 OK
r-release-windows-ix86+x86_64 1.2.0 23.00 139.00 162.00 OK
r-release-osx-x86_64 1.2.0 NOTE
r-oldrel-windows-ix86+x86_64 1.2.0 10.00 185.00 195.00 ERROR
r-oldrel-osx-x86_64 1.2.0 ERROR

Check Details

Version: 1.2.0
Check: dependencies in R code
Result: NOTE
    Namespaces in Imports field not imported from:
     ‘SnowballC’ ‘data.table’ ‘e1071’ ‘fastmatch’
     All declared Imports should be used.
Flavors: r-devel-linux-x86_64-fedora-clang, r-devel-linux-x86_64-fedora-gcc, r-patched-solaris-x86, r-release-osx-x86_64, r-oldrel-osx-x86_64

Version: 1.2.0
Check: examples
Result: ERROR
    Running examples in 'LilRhino-Ex.R' failed
    The error most likely occurred in:
    
    > ### Name: Random_Brains
    > ### Title: Random Brains: Neural Network Implementation of Random Forest
    > ### Aliases: Random_Brains
    >
    > ### ** Examples
    >
    >
    > dat = Cross_val_maker(iris, .2)
    >
    > train = dat$Train
    > test = dat$Test
    >
    > Final_Test = Random_Brains(train[,-5],
    + train$Species, as.matrix(test[,-5]),
    + variables = 3, brains = 2)
    Warning: Algorithm did not converge in 1 of 1 repetition(s) within the stepmax.
    Error in cbind(1, pred) %*% weights[[num_hidden_layers + 1]] :
     requires numeric/complex matrix/vector arguments
    Calls: Random_Brains -> apply -> predict -> predict.nn
    Execution halted
Flavors: r-oldrel-windows-ix86+x86_64, r-oldrel-osx-x86_64