CRAN Package Check Results for Package LilRhino

Last updated on 2020-10-01 13:49:14 CEST.

Flavor Version Tinstall Tcheck Ttotal Status Flags
r-devel-linux-x86_64-debian-clang 1.2.0 11.68 96.23 107.91 OK
r-devel-linux-x86_64-debian-gcc 1.2.0 8.98 72.14 81.12 OK
r-devel-linux-x86_64-fedora-clang 1.2.0 137.52 NOTE
r-devel-linux-x86_64-fedora-gcc 1.2.0 127.80 NOTE
r-devel-windows-ix86+x86_64 1.2.0 29.00 119.00 148.00 OK
r-patched-linux-x86_64 1.2.0 10.81 88.69 99.50 OK
r-patched-solaris-x86 1.2.0 185.40 NOTE
r-release-linux-x86_64 1.2.0 10.43 87.06 97.49 OK
r-release-macos-x86_64 1.2.0 NOTE
r-release-windows-ix86+x86_64 1.2.0 26.00 120.00 146.00 OK
r-oldrel-macos-x86_64 1.2.0 NOTE
r-oldrel-windows-ix86+x86_64 1.2.0 23.00 118.00 141.00 OK

Check Details

Version: 1.2.0
Check: dependencies in R code
Result: NOTE
    Namespaces in Imports field not imported from:
     ‘SnowballC’ ‘data.table’ ‘e1071’ ‘fastmatch’
     All declared Imports should be used.
Flavors: r-devel-linux-x86_64-fedora-clang, r-devel-linux-x86_64-fedora-gcc, r-patched-solaris-x86, r-release-macos-x86_64, r-oldrel-macos-x86_64