CRAN Package Check Results for Package LocFDRPois

Last updated on 2021-01-20 06:46:50 CET.

Flavor Version Tinstall Tcheck Ttotal Status Flags
r-devel-linux-x86_64-debian-clang 1.0.0 4.37 43.85 48.22 NOTE
r-devel-linux-x86_64-debian-gcc 1.0.0 2.94 33.85 36.79 NOTE
r-devel-linux-x86_64-fedora-clang 1.0.0 71.24 NOTE
r-devel-linux-x86_64-fedora-gcc 1.0.0 57.34 NOTE
r-devel-windows-ix86+x86_64 1.0.0 7.00 43.00 50.00 NOTE
r-patched-linux-x86_64 1.0.0 4.60 41.73 46.33 NOTE
r-patched-solaris-x86 1.0.0 80.30 NOTE
r-release-linux-x86_64 1.0.0 3.72 41.77 45.49 NOTE
r-release-macos-x86_64 1.0.0 NOTE
r-release-windows-ix86+x86_64 1.0.0 9.00 50.00 59.00 NOTE
r-oldrel-macos-x86_64 1.0.0 NOTE
r-oldrel-windows-ix86+x86_64 1.0.0 8.00 43.00 51.00 NOTE

Check Details

Version: 1.0.0
Check: R code for possible problems
Result: NOTE
    AnalyticalOptim: no visible global function definition for 'optim'
    LLConstructor : LL: no visible global function definition for 'dpois'
    MixtureDensity: no visible global function definition for 'glm'
    MixtureDensity : f_hat: no visible global function definition for
     'predict'
    NullDensity : f0: no visible global function definition for 'dpois'
    Undefined global functions or variables:
     dpois glm optim predict
    Consider adding
     importFrom("stats", "dpois", "glm", "optim", "predict")
    to your NAMESPACE file.
Flavors: r-devel-linux-x86_64-debian-clang, r-devel-linux-x86_64-debian-gcc, r-devel-linux-x86_64-fedora-clang, r-devel-linux-x86_64-fedora-gcc, r-devel-windows-ix86+x86_64, r-patched-linux-x86_64, r-patched-solaris-x86, r-release-linux-x86_64, r-release-macos-x86_64, r-release-windows-ix86+x86_64, r-oldrel-macos-x86_64, r-oldrel-windows-ix86+x86_64