CRAN Package Check Results for Package MAPA

Last updated on 2019-09-22 13:46:15 CEST.

Flavor Version Tinstall Tcheck Ttotal Status Flags
r-devel-linux-x86_64-debian-clang 2.0.4 6.54 53.75 60.29 ERROR
r-devel-linux-x86_64-debian-gcc 2.0.4 6.63 54.29 60.92 OK
r-devel-linux-x86_64-fedora-clang 2.0.4 94.12 OK
r-devel-linux-x86_64-fedora-gcc 2.0.4 95.22 OK
r-devel-windows-ix86+x86_64 2.0.4 31.00 123.00 154.00 ERROR
r-patched-linux-x86_64 2.0.4 7.30 51.62 58.92 ERROR
r-patched-solaris-x86 2.0.4 142.20 OK
r-release-linux-x86_64 2.0.4 7.42 69.22 76.64 OK
r-release-windows-ix86+x86_64 2.0.4 18.00 81.00 99.00 OK
r-release-osx-x86_64 2.0.4 OK
r-oldrel-windows-ix86+x86_64 2.0.4 11.00 82.00 93.00 OK
r-oldrel-osx-x86_64 2.0.4 OK

Check Details

Version: 2.0.4
Check: examples
Result: ERROR
    Running examples in 'MAPA-Ex.R' failed
    The error most likely occurred in:
    
    > base::assign(".ptime", proc.time(), pos = "CheckExEnv")
    > ### Name: mapa
    > ### Title: Multiple Aggregation Prediction Algorithm (Wrapper)
    > ### Aliases: mapa
    > ### Keywords: ~mapaest ~mapafor ~mapasimple
    >
    > ### ** Examples
    >
    > out <- mapa(admissions)
    Error: C stack usage 7971224 is too close to the limit
    Execution halted
Flavor: r-devel-linux-x86_64-debian-clang

Version: 2.0.4
Check: examples
Result: ERROR
    Running examples in 'MAPA-Ex.R' failed
    The error most likely occurred in:
    
    > ### Name: mapa
    > ### Title: Multiple Aggregation Prediction Algorithm (Wrapper)
    > ### Aliases: mapa
    > ### Keywords: ~mapaest ~mapafor ~mapasimple
    >
    > ### ** Examples
    >
    > out <- mapa(admissions)
    Error: evaluation nested too deeply: infinite recursion / options(expressions=)?
    Execution halted
Flavor: r-devel-windows-ix86+x86_64

Version: 2.0.4
Check: examples
Result: ERROR
    Running examples in ‘MAPA-Ex.R’ failed
    The error most likely occurred in:
    
    > base::assign(".ptime", proc.time(), pos = "CheckExEnv")
    > ### Name: mapa
    > ### Title: Multiple Aggregation Prediction Algorithm (Wrapper)
    > ### Aliases: mapa
    > ### Keywords: ~mapaest ~mapafor ~mapasimple
    >
    > ### ** Examples
    >
    > out <- mapa(admissions)
    Error: C stack usage 7969184 is too close to the limit
    Execution halted
Flavor: r-patched-linux-x86_64