CRAN Package Check Results for Package MDSMap

Last updated on 2019-08-25 13:47:13 CEST.

Flavor Version Tinstall Tcheck Ttotal Status Flags
r-devel-linux-x86_64-debian-clang 1.1 10.47 144.06 154.53 OK
r-devel-linux-x86_64-debian-gcc 1.1 9.92 111.61 121.53 OK
r-devel-linux-x86_64-fedora-clang 1.1 187.37 OK
r-devel-linux-x86_64-fedora-gcc 1.1 182.73 OK
r-devel-windows-ix86+x86_64 1.1 37.00 162.00 199.00 OK
r-patched-linux-x86_64 1.1 9.71 138.90 148.61 OK
r-patched-solaris-x86 1.1 307.80 OK
r-release-linux-x86_64 1.1 10.02 137.77 147.79 OK
r-release-windows-ix86+x86_64 1.1 69.00 229.00 298.00 OK
r-release-osx-x86_64 1.1 WARN
r-oldrel-windows-ix86+x86_64 1.1 37.00 292.00 329.00 OK
r-oldrel-osx-x86_64 1.1 WARN

Check Details

Version: 1.1
Check: whether package can be installed
Result: WARN
    Found the following significant warnings:
     Warning: 'rgl_init' failed, running with rgl.useNULL = TRUE
Flavors: r-release-osx-x86_64, r-oldrel-osx-x86_64