CRAN Package Check Results for Package MDSPCAShiny

Last updated on 2021-01-20 06:46:53 CET.

Flavor Version Tinstall Tcheck Ttotal Status Flags
r-devel-linux-x86_64-debian-clang 0.1.0 1.86 18.99 20.85 OK
r-devel-linux-x86_64-debian-gcc 0.1.0 1.56 15.67 17.23 OK
r-devel-linux-x86_64-fedora-clang 0.1.0 36.50 NOTE
r-devel-linux-x86_64-fedora-gcc 0.1.0 25.30 NOTE
r-devel-windows-ix86+x86_64 0.1.0 5.00 26.00 31.00 OK
r-patched-linux-x86_64 0.1.0 1.97 19.10 21.07 OK
r-patched-solaris-x86 0.1.0 39.90 NOTE
r-release-linux-x86_64 0.1.0 1.64 19.31 20.95 OK
r-release-macos-x86_64 0.1.0 NOTE
r-release-windows-ix86+x86_64 0.1.0 5.00 28.00 33.00 OK
r-oldrel-macos-x86_64 0.1.0 NOTE
r-oldrel-windows-ix86+x86_64 0.1.0 3.00 23.00 26.00 OK

Check Details

Version: 0.1.0
Check: dependencies in R code
Result: NOTE
    Namespaces in Imports field not imported from:
     ‘MASS’ ‘datasets’ ‘dplyr’ ‘psych’ ‘shiny’
     All declared Imports should be used.
Flavors: r-devel-linux-x86_64-fedora-clang, r-devel-linux-x86_64-fedora-gcc, r-patched-solaris-x86, r-release-macos-x86_64, r-oldrel-macos-x86_64