CRAN Package Check Results for Package MXM

Last updated on 2019-08-21 10:47:32 CEST.

Flavor Version Tinstall Tcheck Ttotal Status Flags
r-devel-linux-x86_64-debian-clang 1.4.4 70.11 446.63 516.74 OK
r-devel-linux-x86_64-debian-gcc 1.4.4 62.54 341.07 403.61 OK
r-devel-linux-x86_64-fedora-clang 1.4.4 611.64 NOTE
r-devel-linux-x86_64-fedora-gcc 1.4.4 514.20 NOTE
r-devel-windows-ix86+x86_64 1.4.4 130.00 623.00 753.00 OK
r-patched-linux-x86_64 1.4.4 70.00 453.13 523.13 OK
r-patched-solaris-x86 1.4.4 806.90 NOTE
r-release-linux-x86_64 1.4.4 70.47 453.39 523.86 OK
r-release-windows-ix86+x86_64 1.4.4 86.00 467.00 553.00 OK
r-release-osx-x86_64 1.4.4 NOTE
r-oldrel-windows-ix86+x86_64 1.4.4 120.00 552.00 672.00 OK
r-oldrel-osx-x86_64 1.4.4 NOTE

Check Details

Version: 1.4.4
Check: dependencies in R code
Result: NOTE
    Namespace in Imports field not imported from: ‘knitr’
     All declared Imports should be used.
Flavors: r-devel-linux-x86_64-fedora-clang, r-devel-linux-x86_64-fedora-gcc, r-patched-solaris-x86, r-release-osx-x86_64, r-oldrel-osx-x86_64