CRAN Package Check Results for Package MXM

Last updated on 2019-12-12 13:47:29 CET.

Flavor Version Tinstall Tcheck Ttotal Status Flags
r-devel-linux-x86_64-debian-clang 1.4.5 80.81 516.80 597.61 OK
r-devel-linux-x86_64-debian-gcc 1.4.5 73.11 383.79 456.90 OK
r-devel-linux-x86_64-fedora-clang 1.4.5 725.55 NOTE
r-devel-linux-x86_64-fedora-gcc 1.4.5 730.29 NOTE
r-devel-windows-ix86+x86_64 1.4.5 169.00 798.00 967.00 OK
r-devel-windows-ix86+x86_64-gcc8 1.4.5 120.00 526.00 646.00 OK
r-patched-linux-x86_64 1.4.5 71.24 462.64 533.88 OK
r-patched-solaris-x86 1.4.5 821.60 NOTE
r-release-linux-x86_64 1.4.5 70.98 460.19 531.17 OK
r-release-windows-ix86+x86_64 1.4.5 136.00 694.00 830.00 OK
r-release-osx-x86_64 1.4.5 NOTE
r-oldrel-osx-x86_64 1.4.5 ERROR

Check Details

Version: 1.4.5
Check: dependencies in R code
Result: NOTE
    Namespace in Imports field not imported from: ‘knitr’
     All declared Imports should be used.
Flavors: r-devel-linux-x86_64-fedora-clang, r-devel-linux-x86_64-fedora-gcc, r-patched-solaris-x86, r-release-osx-x86_64

Version: 1.4.5
Check: whether package can be installed
Result: ERROR
    Installation failed.
Flavor: r-oldrel-osx-x86_64