CRAN Package Check Results for Package MachineShop

Last updated on 2019-08-18 13:46:15 CEST.

Flavor Version Tinstall Tcheck Ttotal Status Flags
r-devel-linux-x86_64-debian-clang 1.5.0 35.72 733.23 768.95 OK
r-devel-linux-x86_64-debian-gcc 1.5.0 32.34 531.36 563.70 OK
r-devel-linux-x86_64-fedora-clang 1.5.0 897.83 NOTE
r-devel-linux-x86_64-fedora-gcc 1.5.0 849.24 NOTE
r-devel-windows-ix86+x86_64 1.5.0 78.00 569.00 647.00 OK
r-patched-linux-x86_64 1.5.0 34.00 686.04 720.04 OK
r-patched-solaris-x86 1.5.0 1485.20 NOTE
r-release-linux-x86_64 1.5.0 32.76 689.93 722.69 OK
r-release-windows-ix86+x86_64 1.5.0 52.00 421.00 473.00 OK
r-release-osx-x86_64 1.5.0 NOTE
r-oldrel-windows-ix86+x86_64 1.5.0 57.00 584.00 641.00 OK
r-oldrel-osx-x86_64 1.5.0 NOTE

Check Details

Version: 1.5.0
Check: dependencies in R code
Result: NOTE
    Namespace in Imports field not imported from: ‘polspline’
     All declared Imports should be used.
Flavors: r-devel-linux-x86_64-fedora-clang, r-devel-linux-x86_64-fedora-gcc, r-patched-solaris-x86, r-release-osx-x86_64, r-oldrel-osx-x86_64