Last updated on 2021-04-11 06:47:03 CEST.
Flavor | Version | Tinstall | Tcheck | Ttotal | Status | Flags |
---|---|---|---|---|---|---|
r-devel-linux-x86_64-debian-clang | 2.7.0 | 51.96 | 299.60 | 351.56 | OK | |
r-devel-linux-x86_64-debian-gcc | 2.7.0 | 41.81 | 221.56 | 263.37 | OK | |
r-devel-linux-x86_64-fedora-clang | 2.7.0 | 422.04 | OK | |||
r-devel-linux-x86_64-fedora-gcc | 2.7.0 | 437.57 | OK | |||
r-devel-windows-ix86+x86_64 | 2.7.0 | 66.00 | 261.00 | 327.00 | OK | |
r-devel-windows-x86_64-gcc10-UCRT | 2.7.0 | OK | ||||
r-patched-linux-x86_64 | 2.7.0 | 46.95 | 276.94 | 323.89 | OK | |
r-patched-solaris-x86 | 2.7.0 | 552.20 | OK | |||
r-release-linux-x86_64 | 2.7.0 | 45.44 | 278.20 | 323.64 | OK | |
r-release-macos-x86_64 | 2.7.0 | OK | ||||
r-release-windows-ix86+x86_64 | 2.7.0 | 97.00 | 375.00 | 472.00 | OK | |
r-oldrel-macos-x86_64 | 2.7.0 | WARN | ||||
r-oldrel-windows-ix86+x86_64 | 2.7.0 | 85.00 | 343.00 | 428.00 | WARN |
Version: 2.7.0
Check: S3 generic/method consistency
Result: WARN
SelectedInput:
function(...)
SelectedInput.formula:
function(..., data, control, metrics, stat, cutoff)
See section ‘Generic functions and methods’ in the ‘Writing R
Extensions’ manual.
Flavors: r-oldrel-macos-x86_64, r-oldrel-windows-ix86+x86_64