CRAN Package Check Results for Package MatchIt

Last updated on 2020-07-08 13:50:03 CEST.

Flavor Version Tinstall Tcheck Ttotal Status Flags
r-devel-linux-x86_64-debian-clang 3.0.2 5.53 88.47 94.00 NOTE
r-devel-linux-x86_64-debian-gcc 3.0.2 4.29 71.96 76.25 NOTE
r-devel-linux-x86_64-fedora-clang 3.0.2 123.89 NOTE
r-devel-linux-x86_64-fedora-gcc 3.0.2 117.23 NOTE
r-devel-windows-ix86+x86_64 3.0.2 11.00 79.00 90.00 OK
r-patched-linux-x86_64 3.0.2 4.01 92.85 96.86 NOTE
r-patched-solaris-x86 3.0.2 169.30 NOTE
r-release-linux-x86_64 3.0.2 3.85 93.29 97.14 NOTE
r-release-osx-x86_64 3.0.2 NOTE
r-release-windows-ix86+x86_64 3.0.2 9.00 87.00 96.00 OK
r-oldrel-osx-x86_64 3.0.2 OK
r-oldrel-windows-ix86+x86_64 3.0.2 12.00 139.00 151.00 OK

Check Details

Version: 3.0.2
Check: package dependencies
Result: NOTE
    Package suggested but not available for checking: 'WhatIf'
Flavors: r-devel-linux-x86_64-debian-clang, r-devel-linux-x86_64-debian-gcc, r-devel-linux-x86_64-fedora-clang, r-devel-linux-x86_64-fedora-gcc, r-patched-linux-x86_64, r-patched-solaris-x86, r-release-linux-x86_64, r-release-osx-x86_64