CRAN Package Check Results for Package MinBAR

Last updated on 2019-10-15 13:46:58 CEST.

Flavor Version Tinstall Tcheck Ttotal Status Flags
r-devel-linux-x86_64-debian-clang 1.1.0 7.74 72.59 80.33 OK
r-devel-linux-x86_64-debian-gcc 1.1.0 8.05 57.09 65.14 OK
r-devel-linux-x86_64-fedora-clang 1.1.0 103.37 NOTE
r-devel-linux-x86_64-fedora-gcc 1.1.0 97.95 NOTE
r-devel-windows-ix86+x86_64 1.1.0 20.00 90.00 110.00 OK
r-patched-linux-x86_64 1.1.0 8.05 70.40 78.45 OK
r-patched-solaris-x86 1.1.0 142.60 NOTE
r-release-linux-x86_64 1.1.0 8.21 71.77 79.98 OK
r-release-windows-ix86+x86_64 1.1.0 27.00 124.00 151.00 OK
r-release-osx-x86_64 1.1.0 NOTE
r-oldrel-windows-ix86+x86_64 1.1.0 10.00 83.00 93.00 OK
r-oldrel-osx-x86_64 1.1.0 NOTE

Check Details

Version: 1.1.0
Check: dependencies in R code
Result: NOTE
    Namespace in Imports field not imported from: ‘rgdal’
     All declared Imports should be used.
Flavors: r-devel-linux-x86_64-fedora-clang, r-devel-linux-x86_64-fedora-gcc, r-patched-solaris-x86, r-release-osx-x86_64, r-oldrel-osx-x86_64