CRAN Package Check Results for Package MixfMRI

Last updated on 2020-02-17 13:49:42 CET.

Flavor Version Tinstall Tcheck Ttotal Status Flags
r-devel-linux-x86_64-debian-clang 0.1-0 13.03 101.87 114.90 OK
r-devel-linux-x86_64-debian-gcc 0.1-0 11.70 76.22 87.92 OK
r-devel-linux-x86_64-fedora-clang 0.1-0 136.22 OK
r-devel-linux-x86_64-fedora-gcc 0.1-0 134.46 OK
r-devel-windows-ix86+x86_64 0.1-0 26.00 150.00 176.00 OK
r-devel-windows-ix86+x86_64-gcc8 0.1-0 34.00 185.00 219.00 OK
r-patched-linux-x86_64 0.1-0 9.50 88.02 97.52 OK
r-patched-solaris-x86 0.1-0 179.30 OK
r-release-linux-x86_64 0.1-0 10.10 88.57 98.67 OK
r-release-windows-ix86+x86_64 0.1-0 22.00 132.00 154.00 OK
r-release-osx-x86_64 0.1-0 NOTE
r-oldrel-windows-ix86+x86_64 0.1-0 15.00 173.00 188.00 OK
r-oldrel-osx-x86_64 0.1-0 NOTE

Check Details

Version: 0.1-0
Check: package dependencies
Result: NOTE
    Package which this enhances but not available for checking: ‘pbdMPI’
Flavors: r-release-osx-x86_64, r-oldrel-osx-x86_64