CRAN Package Check Results for Package MixfMRI

Last updated on 2019-09-22 08:48:19 CEST.

Flavor Version Tinstall Tcheck Ttotal Status Flags
r-devel-linux-x86_64-debian-clang 0.1-0 12.47 90.24 102.71 OK
r-devel-linux-x86_64-debian-gcc 0.1-0 10.17 69.09 79.26 OK
r-devel-linux-x86_64-fedora-clang 0.1-0 124.92 OK
r-devel-linux-x86_64-fedora-gcc 0.1-0 121.78 OK
r-devel-windows-ix86+x86_64 0.1-0 32.00 132.00 164.00 OK
r-patched-linux-x86_64 0.1-0 12.14 87.35 99.49 OK
r-patched-solaris-x86 0.1-0 180.20 OK
r-release-linux-x86_64 0.1-0 11.42 87.61 99.03 OK
r-release-windows-ix86+x86_64 0.1-0 22.00 136.00 158.00 OK
r-release-osx-x86_64 0.1-0 NOTE
r-oldrel-windows-ix86+x86_64 0.1-0 17.00 128.00 145.00 OK
r-oldrel-osx-x86_64 0.1-0 NOTE

Check Details

Version: 0.1-0
Check: package dependencies
Result: NOTE
    Package which this enhances but not available for checking: ‘pbdMPI’
Flavors: r-release-osx-x86_64, r-oldrel-osx-x86_64