CRAN Package Check Results for Package NBAloveR

Last updated on 2021-01-22 07:49:44 CET.

Flavor Version Tinstall Tcheck Ttotal Status Flags
r-devel-linux-x86_64-debian-clang 0.1.3.3 2.45 26.36 28.81 OK
r-devel-linux-x86_64-debian-gcc 0.1.3.3 2.04 20.84 22.88 OK
r-devel-linux-x86_64-fedora-clang 0.1.3.3 44.49 NOTE
r-devel-linux-x86_64-fedora-gcc 0.1.3.3 34.62 NOTE
r-devel-windows-ix86+x86_64 0.1.3.3 6.00 42.00 48.00 OK
r-patched-linux-x86_64 0.1.3.3 2.44 25.54 27.98 OK
r-patched-solaris-x86 0.1.3.3 50.90 NOTE
r-release-linux-x86_64 0.1.3.3 2.41 25.54 27.95 OK
r-release-macos-x86_64 0.1.3.3 NOTE
r-release-windows-ix86+x86_64 0.1.3.3 6.00 50.00 56.00 OK
r-oldrel-macos-x86_64 0.1.3.3 NOTE
r-oldrel-windows-ix86+x86_64 0.1.3.3 4.00 31.00 35.00 OK

Check Details

Version: 0.1.3.3
Check: data for non-ASCII characters
Result: NOTE
     Note: found 140 marked UTF-8 strings
Flavors: r-devel-linux-x86_64-fedora-clang, r-devel-linux-x86_64-fedora-gcc, r-patched-solaris-x86, r-release-macos-x86_64, r-oldrel-macos-x86_64