CRAN Package Check Results for Package NEff

Last updated on 2020-07-01 13:49:59 CEST.

Flavor Version Tinstall Tcheck Ttotal Status Flags
r-devel-linux-x86_64-debian-clang 1.1 6.35 63.36 69.71 NOTE
r-devel-linux-x86_64-debian-gcc 1.1 6.49 48.92 55.41 NOTE
r-devel-linux-x86_64-fedora-clang 1.1 92.59 WARN
r-devel-linux-x86_64-fedora-gcc 1.1 86.21 NOTE
r-devel-windows-ix86+x86_64 1.1 19.00 95.00 114.00 NOTE
r-patched-linux-x86_64 1.1 8.64 63.02 71.66 NOTE
r-patched-solaris-x86 1.1 124.90 NOTE
r-release-linux-x86_64 1.1 7.19 62.03 69.22 NOTE
r-release-osx-x86_64 1.1 NOTE
r-release-windows-ix86+x86_64 1.1 14.00 70.00 84.00 NOTE
r-oldrel-osx-x86_64 1.1 NOTE
r-oldrel-windows-ix86+x86_64 1.1 19.00 109.00 128.00 NOTE

Check Details

Version: 1.1
Check: R code for possible problems
Result: NOTE
    population: no visible global function definition for 'weighted.mean'
    population: no visible global function definition for 'rpois'
    population: no visible global function definition for 'lm'
    population: no visible global function definition for 'coefficients'
    population: no visible global function definition for 'sd'
    population: no visible global function definition for 'par'
    population: no visible global function definition for 'lines'
    Undefined global functions or variables:
     coefficients lines lm par rpois sd weighted.mean
    Consider adding
     importFrom("graphics", "lines", "par")
     importFrom("stats", "coefficients", "lm", "rpois", "sd",
     "weighted.mean")
    to your NAMESPACE file.
Flavors: r-devel-linux-x86_64-debian-clang, r-devel-linux-x86_64-debian-gcc, r-devel-linux-x86_64-fedora-clang, r-devel-linux-x86_64-fedora-gcc, r-devel-windows-ix86+x86_64, r-patched-linux-x86_64, r-patched-solaris-x86, r-release-linux-x86_64, r-release-osx-x86_64, r-release-windows-ix86+x86_64

Version: 1.1
Check: package dependencies
Result: WARN
    Requires orphaned package: ‘bit’
Flavor: r-devel-linux-x86_64-fedora-clang

Version: 1.1
Check: R code for possible problems
Result: NOTE
    population: no visible global function definition for ‘weighted.mean’
    population: no visible global function definition for ‘rpois’
    population: no visible global function definition for ‘lm’
    population: no visible global function definition for ‘coefficients’
    population: no visible global function definition for ‘sd’
    population: no visible global function definition for ‘par’
    population: no visible global function definition for ‘plot’
    population: no visible global function definition for ‘lines’
    Undefined global functions or variables:
     coefficients lines lm par plot rpois sd weighted.mean
    Consider adding
     importFrom("graphics", "lines", "par", "plot")
     importFrom("stats", "coefficients", "lm", "rpois", "sd",
     "weighted.mean")
    to your NAMESPACE file.
Flavors: r-oldrel-osx-x86_64, r-oldrel-windows-ix86+x86_64