CRAN Package Check Results for Package NEff

Last updated on 2019-12-13 11:49:51 CET.

Flavor Version Tinstall Tcheck Ttotal Status Flags
r-devel-linux-x86_64-debian-clang 1.1 6.82 61.41 68.23 NOTE
r-devel-linux-x86_64-debian-gcc 1.1 6.51 50.79 57.30 NOTE
r-devel-linux-x86_64-fedora-clang 1.1 83.64 NOTE
r-devel-linux-x86_64-fedora-gcc 1.1 90.22 NOTE
r-devel-windows-ix86+x86_64 1.1 13.00 71.00 84.00 NOTE
r-devel-windows-ix86+x86_64-gcc8 1.1 15.00 105.00 120.00 NOTE
r-patched-linux-x86_64 1.1 6.68 57.28 63.96 NOTE
r-patched-solaris-x86 1.1 122.10 NOTE
r-release-linux-x86_64 1.1 6.71 56.48 63.19 NOTE
r-release-windows-ix86+x86_64 1.1 13.00 66.00 79.00 NOTE
r-release-osx-x86_64 1.1 NOTE
r-oldrel-windows-ix86+x86_64 1.1 9.00 69.00 78.00 NOTE
r-oldrel-osx-x86_64 1.1 NOTE

Check Details

Version: 1.1
Check: R code for possible problems
Result: NOTE
    population: no visible global function definition for 'weighted.mean'
    population: no visible global function definition for 'rpois'
    population: no visible global function definition for 'lm'
    population: no visible global function definition for 'coefficients'
    population: no visible global function definition for 'sd'
    population: no visible global function definition for 'par'
    population: no visible global function definition for 'plot'
    population: no visible global function definition for 'lines'
    Undefined global functions or variables:
     coefficients lines lm par plot rpois sd weighted.mean
    Consider adding
     importFrom("graphics", "lines", "par", "plot")
     importFrom("stats", "coefficients", "lm", "rpois", "sd",
     "weighted.mean")
    to your NAMESPACE file.
Flavors: r-devel-linux-x86_64-debian-clang, r-devel-linux-x86_64-debian-gcc, r-devel-linux-x86_64-fedora-clang, r-devel-linux-x86_64-fedora-gcc, r-devel-windows-ix86+x86_64, r-devel-windows-ix86+x86_64-gcc8, r-patched-linux-x86_64, r-patched-solaris-x86, r-release-linux-x86_64, r-release-windows-ix86+x86_64, r-release-osx-x86_64, r-oldrel-windows-ix86+x86_64, r-oldrel-osx-x86_64