CRAN Package Check Results for Package NLPutils

Last updated on 2019-09-22 13:46:16 CEST.

Flavor Version Tinstall Tcheck Ttotal Status Flags
r-devel-linux-x86_64-debian-clang 0.0-5 12.27 106.98 119.25 OK
r-devel-linux-x86_64-debian-gcc 0.0-5 10.92 82.45 93.37 OK
r-devel-linux-x86_64-fedora-clang 0.0-5 147.68 OK
r-devel-linux-x86_64-fedora-gcc 0.0-5 135.87 OK
r-devel-windows-ix86+x86_64 0.0-5 22.00 7.00 29.00 ERROR
r-patched-linux-x86_64 0.0-5 12.81 104.01 116.82 OK
r-patched-solaris-x86 0.0-5 185.00 OK
r-release-linux-x86_64 0.0-5 13.11 102.73 115.84 OK
r-release-windows-ix86+x86_64 0.0-5 20.00 95.00 115.00 OK
r-release-osx-x86_64 0.0-5 OK
r-oldrel-windows-ix86+x86_64 0.0-5 12.00 94.00 106.00 OK
r-oldrel-osx-x86_64 0.0-5 OK

Check Details

Version: 0.0-5
Check: whether package can be installed
Result: ERROR
    Installation failed.
Flavor: r-devel-windows-ix86+x86_64