Last updated on 2021-01-20 06:46:55 CET.
Flavor | Version | Tinstall | Tcheck | Ttotal | Status | Flags |
---|---|---|---|---|---|---|
r-devel-linux-x86_64-debian-clang | 1.2.1 | 171.89 | 49.10 | 220.99 | NOTE | |
r-devel-linux-x86_64-debian-gcc | 1.2.1 | 100.93 | 37.02 | 137.95 | NOTE | |
r-devel-linux-x86_64-fedora-clang | 1.2.1 | 314.00 | NOTE | |||
r-devel-linux-x86_64-fedora-gcc | 1.2.1 | 258.60 | NOTE | |||
r-devel-windows-ix86+x86_64 | 1.2.1 | 295.00 | 71.00 | 366.00 | WARN | |
r-patched-linux-x86_64 | 1.2.1 | 121.11 | 45.78 | 166.89 | NOTE | |
r-patched-solaris-x86 | 1.2.1 | 219.40 | WARN | |||
r-release-linux-x86_64 | 1.2.1 | 119.85 | 45.89 | 165.74 | NOTE | |
r-release-macos-x86_64 | 1.2.1 | NOTE | ||||
r-release-windows-ix86+x86_64 | 1.2.1 | 310.00 | 69.00 | 379.00 | WARN | |
r-oldrel-macos-x86_64 | 1.2.1 | NOTE | ||||
r-oldrel-windows-ix86+x86_64 | 1.2.1 | 250.00 | 72.00 | 322.00 | WARN |
Version: 1.2.1
Check: for GNU extensions in Makefiles
Result: NOTE
GNU make is a SystemRequirements.
Flavors: r-devel-linux-x86_64-debian-clang, r-devel-linux-x86_64-debian-gcc, r-devel-linux-x86_64-fedora-clang, r-devel-linux-x86_64-fedora-gcc, r-devel-windows-ix86+x86_64, r-patched-linux-x86_64, r-patched-solaris-x86, r-release-linux-x86_64, r-release-macos-x86_64, r-release-windows-ix86+x86_64, r-oldrel-macos-x86_64, r-oldrel-windows-ix86+x86_64
Version: 1.2.1
Check: installed package size
Result: NOTE
installed size is 6.2Mb
sub-directories of 1Mb or more:
libs 5.5Mb
Flavor: r-devel-linux-x86_64-fedora-clang
Version: 1.2.1
Check: whether package can be installed
Result: WARN
Found the following significant warnings:
generateData.cpp:105:18: warning: passing NULL to non-pointer argument 1 of 'Rcpp::Vector<RTYPE, StoragePolicy>::Vector(const int&) [with int RTYPE = 19; StoragePolicy = Rcpp::PreserveStorage]' [-Wconversion-null]
Flavors: r-devel-windows-ix86+x86_64, r-patched-solaris-x86, r-release-windows-ix86+x86_64, r-oldrel-windows-ix86+x86_64